NOAA-Style Climate Reports


Report for 2024 February
                   Monthly Climatological Summary for Feb 2024

Name: Conlig Weather Station.   City: Newtownards.   State: Co. Down.
Elevation: 49 m  Lat: N 54° 38' 02"   Lon: W 005° 40' 18"

                  Temperature (°C), Rain (mm), Wind Speed (mph)

                                      Heat  Cool        Avg
    Mean                              Deg   Deg         Wind                 Dom
Day Temp  High   Time   Low    Time   Days  Days  Rain  Speed High   Time    Dir
----------------------------------------------------------------------------------
01   6.5   9.6   21:07   2.8   07:54  11.8   0.0   0.0   3.2  20.0   00:48   SSW
02  11.5  13.4   14:13   9.2   00:00   6.8   0.0   1.2   5.8  26.0   13:17    SW
03   8.9  11.4   00:12   7.0   08:55   9.4   0.0   0.2   3.1  20.0   16:45    SW
04  10.2  12.6   14:29   7.8   02:53   8.1   0.0   1.4   5.6  27.0   15:18    SW
05  10.8  11.6   14:23  10.1   06:56   7.5   0.0   0.0   6.6  27.0   22:52    SW
06   7.3  11.1   00:23   4.2   23:57  11.0   0.0   3.0   3.4  25.0   01:54   WSW
07   3.7   6.8   13:26   1.4   22:49  14.6   0.0   0.0   1.1   9.0   13:14     W
08   3.1   3.9   21:42   1.4   00:00  15.2   0.0  13.2   6.4  32.0   17:25     E
09   4.9   6.4   23:20   3.7   01:32  13.4   0.0   3.0   6.6  25.0   00:28   ENE
10   6.4  10.5   13:20   2.4   22:23  11.9   0.0   1.2   0.8  12.0   00:44   ESE
11   4.7   9.2   14:02   1.5   05:51  13.6   0.0   0.2   1.9  15.0   14:31    SW
12   4.8   8.3   14:50   2.6   00:11  13.5   0.0   1.6   5.2  23.0   12:37    SW
13   5.7   9.8   14:17   2.9   01:18  12.6   0.0   1.2   2.4  16.0   03:12   SSW
14   9.3  11.7   14:23   6.8   00:00   9.0   0.0  10.0   1.6   9.0   19:51   SSE
15  10.6  12.9   15:57   8.5   23:59   7.7   0.0   7.8   2.2  14.0   00:33     S
16   9.0  10.6   16:02   7.2   01:55   9.3   0.0   0.6   0.9   8.0   00:00   SSW
17   9.5  11.8   21:33   7.6   02:13   8.8   0.0   5.8   2.6  17.0   12:34   SSE
18  10.9  13.6   12:49   8.7   22:22   7.4   0.0   0.2   2.2  15.0   14:39    SW
19   9.6  11.2   16:03   8.2   07:03   8.7   0.0   1.4   3.4  16.0   02:51    SW
20   9.7  12.3   14:32   5.1   22:18   8.6   0.0   2.0   4.2  22.0   14:52   SSW
21   9.1  12.6   12:31   5.6   00:00   9.2   0.0  11.6   4.7  27.0   12:38     S
----------------------------------------------------------------------------------
     7.9  13.6    18     1.4     7   218.1   0.0  65.6   3.5  32.0     8     SSW

Max >=  27.0  0
Max <=   0.0  0
Min <=   0.0  0
Min <= -18.0  0
Max Rain: 13.2 on day 8
Days of Rain: 18 (>= 0.2 mm)  8 (>= 2.0 mm)  0 (>= 20.0 mm)
Heat Base: 18.3  Cool Base: 18.3  Method: Integration