NOAA-Style Climate Reports
Select a Year or Month report
2024: Jan Feb Mar Apr May Jun Jul Aug Sep Oct Nov Dec
2023: Jan Feb Mar Apr May Jun Jul Aug Sep Oct Nov Dec
2022: Jan Feb Mar Apr May Jun Jul Aug Sep Oct Nov Dec
2021: Jan Feb Mar Apr May Jun Jul Aug Sep Oct Nov Dec
2020: Jan Feb Mar Apr May Jun Jul Aug Sep Oct Nov Dec
2019: Jan Feb Mar Apr May Jun Jul Aug Sep Oct Nov Dec
2018: Jan Feb Mar Apr May Jun Jul Aug Sep Oct Nov Dec
2017: Jan Feb Mar Apr May Jun Jul Aug Sep Oct Nov Dec
2016: Jan Feb Mar Apr May Jun Jul Aug Sep Oct Nov Dec
2015: Jan Feb Mar Apr May Jun Jul Aug Sep Oct Nov Dec
2014: Jan Feb Mar Apr May Jun Jul Aug Sep Oct Nov Dec
2013: Jan Feb Mar Apr May Jun Jul Aug Sep Oct Nov Dec
2024: Jan Feb Mar Apr May Jun Jul Aug Sep Oct Nov Dec
2023: Jan Feb Mar Apr May Jun Jul Aug Sep Oct Nov Dec
2022: Jan Feb Mar Apr May Jun Jul Aug Sep Oct Nov Dec
2021: Jan Feb Mar Apr May Jun Jul Aug Sep Oct Nov Dec
2020: Jan Feb Mar Apr May Jun Jul Aug Sep Oct Nov Dec
2019: Jan Feb Mar Apr May Jun Jul Aug Sep Oct Nov Dec
2018: Jan Feb Mar Apr May Jun Jul Aug Sep Oct Nov Dec
2017: Jan Feb Mar Apr May Jun Jul Aug Sep Oct Nov Dec
2016: Jan Feb Mar Apr May Jun Jul Aug Sep Oct Nov Dec
2015: Jan Feb Mar Apr May Jun Jul Aug Sep Oct Nov Dec
2014: Jan Feb Mar Apr May Jun Jul Aug Sep Oct Nov Dec
2013: Jan Feb Mar Apr May Jun Jul Aug Sep Oct Nov Dec
Report for 2024 April
Monthly Climatological Summary for Apr 2024 Name: Conlig Weather Station. City: Newtownards. State: Co. Down. Elevation: 49 m Lat: N 54° 38' 02" Lon: W 005° 40' 18" Temperature (°C), Rain (mm), Wind Speed (mph) Heat Cool Avg Mean Deg Deg Wind Dom Day Temp High Time Low Time Days Days Rain Speed High Time Dir ---------------------------------------------------------------------------------- 01 7.4 9.0 13:25 6.4 08:39 10.9 0.0 3.4 3.5 17.0 01:06 NE 02 7.7 9.9 12:52 6.2 01:17 10.6 0.0 0.0 1.3 9.0 16:11 S 03 7.4 8.6 13:01 6.5 23:18 10.8 0.0 5.8 2.4 17.0 11:00 NNW 04 7.0 9.2 14:36 5.5 05:40 11.3 0.0 3.6 3.6 21.0 22:50 E 05 11.2 14.7 12:40 7.2 00:30 7.1 0.0 12.8 5.8 24.0 00:52 SSE 06 12.0 14.6 14:44 9.8 23:00 6.3 0.0 6.0 10.0 42.0 12:47 SSE 07 10.5 14.3 16:09 7.7 06:46 7.8 0.0 1.4 7.6 29.0 11:29 S 08 7.6 11.0 12:23 5.2 05:17 10.7 0.0 5.2 2.8 19.0 22:18 SW 09 8.2 11.8 15:13 5.4 02:33 10.1 0.0 6.4 6.0 31.0 11:00 WNW 10 10.0 14.8 18:19 4.3 03:51 8.3 0.0 6.8 5.5 23.0 09:34 S 11 13.4 17.5 14:19 11.5 20:38 4.9 0.0 2.8 4.6 21.0 23:16 S 12 13.3 15.1 18:33 10.9 23:53 5.0 0.0 2.0 4.6 19.0 16:03 SSW 13 10.6 14.0 11:42 6.7 23:45 7.7 0.0 0.6 5.1 30.0 16:01 SW 14 8.3 12.1 13:45 5.3 05:12 10.0 0.0 2.4 4.7 22.0 23:56 SSW 15 7.0 10.8 15:30 3.7 08:00 11.3 0.0 7.8 6.3 32.0 02:21 W 16 8.9 12.8 13:51 5.7 23:47 9.4 0.0 2.0 5.0 18.0 03:09 WNW 17 7.3 11.0 15:01 4.8 06:37 11.0 0.0 0.0 3.4 17.0 00:55 WNW 18 7.9 11.8 16:55 3.3 03:45 10.3 0.0 0.2 3.2 19.0 17:06 WSW 19 10.2 13.4 15:04 7.4 23:52 8.1 0.0 1.4 3.8 20.0 12:15 NW ---------------------------------------------------------------------------------- 9.3 17.5 11 3.3 18 171.6 0.0 70.6 4.7 42.0 6 SSW Max >= 27.0 0 Max <= 0.0 0 Min <= 0.0 0 Min <= -18.0 0 Max Rain: 12.8 on day 5 Days of Rain: 17 (>= 0.2 mm) 13 (>= 2.0 mm) 0 (>= 20.0 mm) Heat Base: 18.3 Cool Base: 18.3 Method: Integration