NOAA-Style Climate Reports


Report for 2022 May
                   Monthly Climatological Summary for May 2022

Name: Conlig Weather Station.   City: Newtownards.   State: Co. Down.
Elevation: 44 m  Lat: N 54° 38' 02"   Lon: W 005° 40' 18"

                  Temperature (°C), Rain (mm), Wind Speed (mph)

                                      Heat  Cool        Avg
    Mean                              Deg   Deg         Wind                 Dom
Day Temp  High   Time   Low    Time   Days  Days  Rain  Speed High   Time    Dir
----------------------------------------------------------------------------------
01  11.2  14.8   17:55   9.7   06:05   7.1   0.0   5.2   2.0  15.0   00:54     S
02  10.9  13.7   13:55   9.3   03:37   7.4   0.0   0.0   0.8   7.0   14:44   NNE
03  11.2  14.0   15:39   9.3   05:41   7.1   0.0   4.6   1.5  12.0   18:20    SE
04  12.2  14.9   14:38  10.2   23:43   6.1   0.0   0.8   2.7  16.0   09:58     W
05  13.4  16.8   13:44   9.6   01:21   4.9   0.0   0.0   2.3  12.0   09:54   SSW
06  12.9  16.4   17:11   9.2   23:57   5.4   0.0   4.6   2.2  14.0   04:22    SW
07  12.1  17.1   13:17   7.9   02:58   6.2   0.0   0.0   1.3  10.0   13:21     N
08  12.2  17.5   13:18   7.5   03:31   6.1   0.0   0.0   2.7  20.0   13:42   SSE
09  11.8  12.9   22:11  10.8   23:54   6.5   0.0   4.4   5.7  24.0   13:50   SSE
10  12.7  17.0   17:02   9.5   10:04   5.6   0.0   4.8   5.1  27.0   16:44   SSW
11  11.7  15.9   16:03   9.4   04:27   6.6   0.0   2.0   3.2  17.0   00:51    SW
12  11.1  14.7   11:20   7.5   04:52   7.1   0.0   0.4   3.9  22.0   23:06   SSW
13  13.5  17.8   14:30  10.3   05:46   4.8   0.0   0.0   4.9  27.0   13:58    SW
14  13.4  19.2   15:29   9.3   03:59   4.9   0.0   0.0   2.1  12.0   13:34     S
15  13.1  18.4   16:05   9.6   00:05   5.2   0.0   0.0   2.4  16.0   22:12     E
16  13.0  17.6   15:20  10.8   06:28   5.3   0.0  10.4   4.5  22.0   02:49    SE
17  12.0  13.7   13:47   9.6   22:46   6.3   0.0  17.8   4.3  19.0   03:24   SSE
18  12.8  16.7   12:41   9.4   04:48   5.5   0.0   2.2   6.6  28.0   18:17   SSE
19  13.2  17.7   14:02   7.8   05:11   5.1   0.0   0.0   4.7  21.0   12:18     S
20  12.6  15.6   16:12   9.5   05:58   5.7   0.0   3.8   3.8  20.0   16:17     S
21  12.9  18.0   15:27   8.2   05:34   5.4   0.0   0.0   3.9  17.0   03:21     S
22  14.6  18.2   13:19  11.6   23:52   3.7   0.0   0.2   3.9  20.0   19:02     S
23  11.9  15.9   15:00  10.0   23:51   6.4   0.0   2.2   2.3  16.0   15:12     W
----------------------------------------------------------------------------------
    12.5  19.2    14     7.5     8   134.4   0.0  63.4   3.3  28.0    18       S

Max >=  27.0  0
Max <=   0.0  0
Min <=   0.0  0
Min <= -18.0  0
Max Rain: 17.8 on day 17
Days of Rain: 14 (>= 0.2 mm)  11 (>= 2.0 mm)  0 (>= 20.0 mm)
Heat Base: 18.3  Cool Base: 18.3  Method: Integration