NOAA-Style Climate Reports


Report for 2022 August
                   Monthly Climatological Summary for Aug 2022

Name: Conlig Weather Station.   City: Newtownards.   State: Co. Down.
Elevation: 49 m  Lat: N 54° 38' 02"   Lon: W 005° 40' 18"

                  Temperature (°C), Rain (mm), Wind Speed (mph)

                                      Heat  Cool        Avg
    Mean                              Deg   Deg         Wind                 Dom
Day Temp  High   Time   Low    Time   Days  Days  Rain  Speed High   Time    Dir
----------------------------------------------------------------------------------
01  15.5  19.9   12:53  10.7   05:20   2.9   0.1  10.4   3.0  19.0   20:24   SSE
02  20.2  24.4   14:08  17.1   23:55   0.1   1.9   1.0   5.3  30.0   16:10   SSW
03  16.0  19.8   13:28  13.2   22:50   2.4   0.1  10.4   3.4  21.0   00:06   SSW
04  14.4  17.8   13:55  11.3   05:13   3.9   0.0   0.4   2.9  16.0   11:49     W
05  14.0  18.6   14:30  10.3   05:10   4.3   0.0   0.2   2.5  14.0   08:41     W
06  15.8  20.9   15:42  11.8   05:02   2.9   0.4   0.0   2.5  15.0   15:34   WSW
07  16.3  20.9   13:06  12.8   04:39   2.4   0.4   0.0   2.4  17.0   12:15    SW
08  18.0  23.9   15:03  11.0   06:33   1.9   1.6   0.0   1.5  12.0   11:06   SSW
09  19.8  25.3   15:49  14.2   06:19   0.9   2.4   0.0   1.7  12.0   13:47   SSE
10  20.1  27.6   14:30  12.7   06:02   1.5   3.2   0.0   1.4  11.0   14:50   SSE
11  18.4  26.7   12:33  11.7   06:15   1.9   1.9   0.0   1.2   9.0   12:54     N
12  18.7  23.9   19:01  14.1   06:00   1.2   1.5   0.0   1.6  11.0   11:54   NNW
----------------------------------------------------------------------------------
    17.3  27.6    10    10.3     5    26.3  13.5  22.4   2.4  30.0     2      SW

Max >=  27.0  1
Max <=   0.0  0
Min <=   0.0  0
Min <= -18.0  0
Max Rain: 10.4 on day 1
Days of Rain: 5 (>= 0.2 mm)  2 (>= 2.0 mm)  0 (>= 20.0 mm)
Heat Base: 18.3  Cool Base: 18.3  Method: Integration