NOAA-Style Climate Reports
Select a Year or Month report
2024: Jan Feb Mar Apr May Jun Jul Aug Sep Oct Nov Dec
2023: Jan Feb Mar Apr May Jun Jul Aug Sep Oct Nov Dec
2022: Jan Feb Mar Apr May Jun Jul Aug Sep Oct Nov Dec
2021: Jan Feb Mar Apr May Jun Jul Aug Sep Oct Nov Dec
2020: Jan Feb Mar Apr May Jun Jul Aug Sep Oct Nov Dec
2019: Jan Feb Mar Apr May Jun Jul Aug Sep Oct Nov Dec
2018: Jan Feb Mar Apr May Jun Jul Aug Sep Oct Nov Dec
2017: Jan Feb Mar Apr May Jun Jul Aug Sep Oct Nov Dec
2016: Jan Feb Mar Apr May Jun Jul Aug Sep Oct Nov Dec
2015: Jan Feb Mar Apr May Jun Jul Aug Sep Oct Nov Dec
2014: Jan Feb Mar Apr May Jun Jul Aug Sep Oct Nov Dec
2013: Jan Feb Mar Apr May Jun Jul Aug Sep Oct Nov Dec
2024: Jan Feb Mar Apr May Jun Jul Aug Sep Oct Nov Dec
2023: Jan Feb Mar Apr May Jun Jul Aug Sep Oct Nov Dec
2022: Jan Feb Mar Apr May Jun Jul Aug Sep Oct Nov Dec
2021: Jan Feb Mar Apr May Jun Jul Aug Sep Oct Nov Dec
2020: Jan Feb Mar Apr May Jun Jul Aug Sep Oct Nov Dec
2019: Jan Feb Mar Apr May Jun Jul Aug Sep Oct Nov Dec
2018: Jan Feb Mar Apr May Jun Jul Aug Sep Oct Nov Dec
2017: Jan Feb Mar Apr May Jun Jul Aug Sep Oct Nov Dec
2016: Jan Feb Mar Apr May Jun Jul Aug Sep Oct Nov Dec
2015: Jan Feb Mar Apr May Jun Jul Aug Sep Oct Nov Dec
2014: Jan Feb Mar Apr May Jun Jul Aug Sep Oct Nov Dec
2013: Jan Feb Mar Apr May Jun Jul Aug Sep Oct Nov Dec
Report for 2016
Yearly Climatological Summary for 2016 Elevation: 45m Latitude: 54.634 Longitude: -5.672 Temperature in °C, Rain in mm, Wind Speed in mph and Pressure in hPa AVG AVG DOM MON TEMP HIGH DAY LOW DAY RAIN WIND HIGH DAY DIR BAROM HUM ---------------------------------------------------------------------------- 01 5.7 13.5 26 -1.5 09 86.6 9.0 34.9 29 217 1000.8 92 02 4.6 12.0 01 -1.9 28 45.6 9.2 40.0 01 238 1004.8 85 03 6.5 13.4 12 0.4 04 26.2 7.4 25.9 02 248 1014.3 85 04 6.9 13.3 21 1.4 29 16.9 8.3 30.0 29 281 1014.9 79 05 11.4 22.1 09 4.1 14 35.8 7.4 28.0 02 268 1014.0 81 06 14.1 23.5 06 7.8 02 39.4 5.9 19.9 21 235 1012.8 85 07 14.7 24.4 18 7.9 03 50.0 6.6 21.0 01 238 1013.3 85 08 15.5 21.8 16 9.6 29 26.4 7.8 30.0 08 221 1014.4 84 09 14.5 24.3 06 7.3 22 33.8 10.2 34.9 11 208 1011.8 84 10 11.0 17.1 05 3.2 21 22.8 8.2 32.0 16 151 1021.1 85 11 6.7 15.6 14 -2.6 24 20.8 8.7 36.9 11 269 1014.3 83 12 7.4 14.6 07 0.7 29 26.4 9.1 34.0 23 202 1021.2 89 ---------------------------------------------------------------------------- YEAR 9.9 24.4 18/07 -2.6 24/11 430.7 8.2 40.0 01/02 SW 1013.1 85