NOAA-Style Climate Reports
Select a Year or Month report
2024: Jan Feb Mar Apr May Jun Jul Aug Sep Oct Nov Dec
2023: Jan Feb Mar Apr May Jun Jul Aug Sep Oct Nov Dec
2022: Jan Feb Mar Apr May Jun Jul Aug Sep Oct Nov Dec
2021: Jan Feb Mar Apr May Jun Jul Aug Sep Oct Nov Dec
2020: Jan Feb Mar Apr May Jun Jul Aug Sep Oct Nov Dec
2019: Jan Feb Mar Apr May Jun Jul Aug Sep Oct Nov Dec
2018: Jan Feb Mar Apr May Jun Jul Aug Sep Oct Nov Dec
2017: Jan Feb Mar Apr May Jun Jul Aug Sep Oct Nov Dec
2016: Jan Feb Mar Apr May Jun Jul Aug Sep Oct Nov Dec
2015: Jan Feb Mar Apr May Jun Jul Aug Sep Oct Nov Dec
2014: Jan Feb Mar Apr May Jun Jul Aug Sep Oct Nov Dec
2013: Jan Feb Mar Apr May Jun Jul Aug Sep Oct Nov Dec
2024: Jan Feb Mar Apr May Jun Jul Aug Sep Oct Nov Dec
2023: Jan Feb Mar Apr May Jun Jul Aug Sep Oct Nov Dec
2022: Jan Feb Mar Apr May Jun Jul Aug Sep Oct Nov Dec
2021: Jan Feb Mar Apr May Jun Jul Aug Sep Oct Nov Dec
2020: Jan Feb Mar Apr May Jun Jul Aug Sep Oct Nov Dec
2019: Jan Feb Mar Apr May Jun Jul Aug Sep Oct Nov Dec
2018: Jan Feb Mar Apr May Jun Jul Aug Sep Oct Nov Dec
2017: Jan Feb Mar Apr May Jun Jul Aug Sep Oct Nov Dec
2016: Jan Feb Mar Apr May Jun Jul Aug Sep Oct Nov Dec
2015: Jan Feb Mar Apr May Jun Jul Aug Sep Oct Nov Dec
2014: Jan Feb Mar Apr May Jun Jul Aug Sep Oct Nov Dec
2013: Jan Feb Mar Apr May Jun Jul Aug Sep Oct Nov Dec
Report for 2016 April
Monthly Climatological Summary for Apr 2016 Elevation: 45m Latitude: 54.634 Longitude: -5.672 Temperature in °C, Rain in mm, Wind Speed in mph and Pressure in hPa AVG AVG DOM DAY TEMP HIGH TIME LOW TIME RAIN WIND HIGH TIME DIR BAROM HUM ---------------------------------------------------------------------------------- 01 : : : 02 : : : 03 7.7 8.5 15:20 6.9 12:05 2.8 8.2 17.0 13:35 201 1000.3 95 04 7.3 8.1 14:10 6.0 03:00 9.4 3.6 12.1 20:50 263 999.3 97 05 : : : 06 : : : 07 : : : 08 : : : 09 : : : 10 : : : 11 : : : 12 : : : 13 : : : 14 : : : 15 : : : 16 : : : 17 : : : 18 : : : 19 : : : 20 6.3 6.6 23:15 6.1 23:55 0.0 1.5 2.0 23:30 261 1027.6 89 21 9.2 13.3 16:25 3.9 03:40 0.0 5.1 12.1 20:05 338 1025.8 79 22 8.9 11.9 16:30 6.8 23:20 0.0 7.0 11.0 10:35 070 1024.2 71 23 6.9 10.3 15:00 3.3 06:30 0.6 7.2 16.1 19:30 312 1023.4 75 24 8.0 11.5 16:35 4.3 06:15 0.0 7.9 17.0 01:15 290 1020.8 77 25 6.9 9.6 10:35 3.6 23:40 0.2 14.3 27.1 15:20 306 1012.9 74 26 6.4 9.4 15:45 3.7 00:00 0.0 15.1 21.9 08:45 322 1012.7 69 27 5.2 8.3 15:30 1.7 06:40 1.2 8.7 15.0 10:10 303 1013.8 70 28 4.0 7.7 17:35 1.6 09:50 2.2 9.5 19.0 14:25 259 1006.4 81 29 5.6 9.9 15:45 1.4 03:00 0.5 11.7 30.0 00:35 251 1008.3 75 30 7.1 11.2 17:25 4.2 05:35 0.0 8.3 17.0 09:50 208 1018.7 75 ---------------------------------------------------------------------------------- MONTH 6.9 13.3 21 1.4 29 16.9 8.3 30.0 29 W 1014.9 79