NOAA-Style Climate Reports

Select a Year or Month report
2018: Jan Feb Mar Apr May Jun Jul Aug Sep Oct Nov Dec
2017: Jan Feb Mar Apr May Jun Jul Aug Sep Oct Nov Dec
2016: Jan Feb Mar Apr May Jun Jul Aug Sep Oct Nov Dec

Report for 2016 May
                   Monthly Climatological Summary for May 2016

Name: Conlig Weather Station   City: Newtownards   State: Co. Down
Elevation: 46 m  Lat: N 54 38 03   Lon: W 005 40 18

                  Temperature (°C), Rain (mm), Wind Speed (mph)

                                      Heat  Cool        Avg
    Mean                              Deg   Deg         Wind                 Dom
Day Temp  High   Time   Low    Time   Days  Days  Rain  Speed High   Time    Dir
----------------------------------------------------------------------------------
01  10.7  14.8   13:54   6.8   04:38   7.6   0.0   5.0   3.9  18.0   08:27     S
02  10.1  12.5   14:31   6.3   23:21   8.2   0.0   4.0   5.9  28.0   15:57   SSW
03   9.3  13.2   17:04   5.1   06:03   9.0   0.0   0.0   3.4  21.0   01:23   SSW
04  10.2  13.4   12:59   7.2   05:14   8.1   0.0   0.0   5.5  26.0   12:04   SSE
05  11.6  16.2   16:09   8.6   05:45   6.7   0.0   0.4   3.5  18.0   09:53     S
06  10.0  13.1   16:19   7.7   02:49   8.3   0.0   0.0   2.7  16.0   18:27     W
07   9.8  10.9   16:08   8.6   07:28   8.5   0.0   3.8   1.4  13.0   03:16   WNW
08  13.2  20.4   17:47   9.4   05:10   5.2   0.1   2.8   1.8  12.0   12:21     E
09  15.3  22.2   17:41  10.5   05:06   3.5   0.5   0.0   1.9  12.0   11:33    NW
10  14.1  21.2   16:52   9.8   05:23   4.6   0.3   0.0   2.7  19.0   15:53     N
11  12.8  17.6   16:32   9.5   06:20   5.5   0.0   3.4   2.2  13.0   19:36   WNW
12  12.3  15.9   14:56   9.3   06:09   6.0   0.0   5.8   3.1  17.0   11:09    SW
13  11.1  14.9   13:47   8.4   05:36   7.2   0.0   0.0   2.2  11.0   08:17    NW
14   9.3  13.7   12:58   4.1   05:32   9.0   0.0   0.0   1.4  13.0   20:19   NNW
15   8.6  12.0   16:05   5.2   02:16   9.7   0.0   0.0   2.7  15.0   09:53   WNW
16   8.7  12.1   16:27   5.1   04:35   9.6   0.0   0.0   1.3  10.0   09:58     W
17  11.1  16.3   13:32   5.7   01:57   7.2   0.0  13.4   2.8  18.0   13:45     S
18  10.9  14.2   15:20   8.4   05:56   7.4   0.0   2.2   2.5  19.0   17:19     W
19  10.6  16.3   17:15   6.8   04:41   7.7   0.0   4.6   3.0  20.0   11:56   SSW
20  11.4  15.2   12:48   9.2   04:03   6.9   0.0   6.2   3.7  20.0   19:29   SSW
21  12.7  17.5   13:53   9.6   23:59   5.6   0.0  10.4   3.1  18.0   08:05   SSW
22  11.2  15.3   12:33   6.4   03:43   7.1   0.0   0.4   1.5  13.0   21:10     W
23  10.6  13.7   17:45   7.8   05:05   7.7   0.0   0.0   1.5  13.0   04:26     W
24  11.1  16.0   17:07   5.5   05:07   7.2   0.0   0.0   1.2  10.0   15:21   ENE
25   9.8  12.8   18:04   7.8   06:15   8.5   0.0   0.0   1.9  11.0   00:34     N
26   9.7  10.3   17:59   8.5   04:48   8.6   0.0   0.6   1.1  12.0   08:20   NNW
27  11.7  15.7   14:49   9.6   05:12   6.7   0.0   0.8   1.2  10.0   12:46     E
28  12.2  15.9   17:18   7.9   05:18   6.1   0.0   0.0   1.0  10.0   13:08     E
29  13.3  17.1   17:35   8.5   04:46   5.0   0.0   0.0   1.3  10.0   19:56   NNW
30  14.5  18.1   15:17   9.9   05:03   3.8   0.0   0.0   2.2  11.0   11:35    NW
31  14.3  18.8   17:15   9.8   04:59   4.0   0.0   0.0   1.9  12.0   13:38    NW
----------------------------------------------------------------------------------
    11.4  22.2     9     4.1    14   216.2   0.9  63.8   2.4  28.0     2      SW

Max >=  27.0  0
Max <=   0.0  0
Min <=   0.0  0
Min <= -18.0  0
Max Rain: 13.4 on day 17
Days of Rain: 15 (>= 0.2 mm)  11 (>= 2.0 mm)  0 (>= 20.0 mm)
Heat Base: 18.3  Cool Base: 18.3  Method: Integration