NOAA-Style Climate Reports

Select a Year or Month report
2018: Jan Feb Mar Apr May Jun Jul Aug Sep Oct Nov Dec
2017: Jan Feb Mar Apr May Jun Jul Aug Sep Oct Nov Dec
2016: Jan Feb Mar Apr May Jun Jul Aug Sep Oct Nov Dec

Report for 2016 August
                   Monthly Climatological Summary for Aug 2016

Name: Conlig Weather Station   City: Newtownards   State: Co. Down
Elevation: 46 m  Lat: N 54 38 03   Lon: W 005 40 18

                  Temperature (°C), Rain (mm), Wind Speed (mph)

                                      Heat  Cool        Avg
    Mean                              Deg   Deg         Wind                 Dom
Day Temp  High   Time   Low    Time   Days  Days  Rain  Speed High   Time    Dir
----------------------------------------------------------------------------------
01  14.9  18.3   14:22  12.2   00:12   3.4   0.0   0.0   1.6  16.0   15:10     S
02  15.0  17.3   21:28  13.1   01:57   3.3   0.0   1.8   2.0  13.0   15:35   SSE
03  16.1  18.0   18:42  14.6   05:17   2.2   0.0   0.8   4.3  23.0   15:35    SW
04  15.6  18.6   17:52  12.4   23:58   2.7   0.0   0.4   2.6  16.0   12:35     W
05  14.4  18.4   12:37  11.1   05:26   3.9   0.0   0.6   1.4  16.0   11:37    SW
06  16.5  20.0   17:43  12.1   01:46   2.0   0.3   0.0   3.5  23.0   20:02     S
07  15.7  18.3   00:00  12.8   22:25   2.6   0.0   0.8   5.7  26.0   23:49    SW
08  14.3  18.5   15:46  11.0   04:45   4.0   0.0   2.0   4.5  30.0   02:49     W
09  13.0  15.5   12:22  11.2   01:17   5.3   0.0   0.2   3.6  18.0   19:42     W
10  13.2  15.5   15:48  11.0   06:01   5.1   0.0   3.2   1.7  17.0   16:57   WSW
11  16.3  19.4   18:06  13.8   01:33   2.2   0.1   0.0   4.8  26.0   06:36   WSW
12  16.8  20.4   15:17  13.3   02:48   1.8   0.3   0.0   4.7  21.0   09:28    SW
13  15.5  18.1   13:36  13.6   04:32   2.8   0.0   0.0   2.6  16.0   05:11   WSW
14  15.1  18.5   15:52  12.8   06:01   3.2   0.0   0.0   1.2   9.0   00:41   SSW
15  15.9  19.5   14:39  11.8   05:54   2.6   0.2   0.0   2.3  17.0   13:15     S
16  16.7  21.9   14:35  11.3   03:41   2.3   0.8   0.0   2.3  17.0   15:44     S
17  16.5  18.8   10:37  14.3   01:58   1.8   0.0   0.0   1.7  14.0   13:13   SSE
18  16.3  20.0   17:15  14.2   05:56   2.1   0.1   1.8   1.0  10.0   10:27   ENE
19  15.0  16.2   18:16  13.4   11:03   3.3   0.0  14.0   3.4  19.0   23:12    SE
20  15.1  17.3   13:57  14.2   03:09   3.2   0.0   2.8   2.8  18.0   01:22   SSW
21  16.0  19.5   14:08  14.2   18:50   2.4   0.1   6.4   2.8  16.0   02:09    SW
22  17.1  20.0   18:19  12.7   22:11   1.5   0.3   0.8   1.8  15.0   13:12    SW
23  15.0  17.8   16:25  13.4   09:08   3.3   0.0   8.6   1.7  16.0   09:01   SSE
24  15.6  20.2   13:50  11.2   06:26   2.9   0.2   0.0   0.7   8.0   14:36    SE
25  15.3  19.7   17:13  10.5   06:49   3.2   0.2   0.0   0.8  10.0   22:45   SSE
26  15.4  19.8   15:59  10.9   06:31   3.0   0.1   0.0   2.6  21.0   10:56    SW
27  14.4  19.4   14:03  10.4   04:07   3.9   0.0   0.0   0.8  11.0   13:28    SE
28  15.3  18.3   16:10  11.3   23:53   3.0   0.0   0.4   1.6  12.0   12:27   WNW
29  15.3  20.8   14:50   9.5   05:26   3.4   0.3   0.0   1.8  14.0   16:14   SSW
30  17.1  20.7   12:52  13.7   06:48   1.6   0.4   0.0   4.2  22.0   14:44     S
31  15.5  18.1   13:59  12.3   06:54   2.8   0.0   0.0   3.3  20.0   16:24    SW
----------------------------------------------------------------------------------
    15.5  21.9    16     9.5    29    90.8   3.4  44.6   2.6  30.0     8     SSW

Max >=  27.0  0
Max <=   0.0  0
Min <=   0.0  0
Min <= -18.0  0
Max Rain: 14.0 on day 19
Days of Rain: 15 (>= 0.2 mm)  6 (>= 2.0 mm)  0 (>= 20.0 mm)
Heat Base: 18.3  Cool Base: 18.3  Method: Integration