NOAA-Style Climate Reports

Select a Year or Month report
2018: Jan Feb Mar Apr May Jun Jul Aug Sep Oct Nov Dec
2017: Jan Feb Mar Apr May Jun Jul Aug Sep Oct Nov Dec
2016: Jan Feb Mar Apr May Jun Jul Aug Sep Oct Nov Dec

Report for 2017 February
                   Monthly Climatological Summary for Feb 2017

Name: Conlig Weather Station   City: Newtownards   State: Co. Down
Elevation: 46 m  Lat: N 54 38 03   Lon: W 005 40 18

                  Temperature (°C), Rain (mm), Wind Speed (mph)

                                      Heat  Cool        Avg
    Mean                              Deg   Deg         Wind                 Dom
Day Temp  High   Time   Low    Time   Days  Days  Rain  Speed High   Time    Dir
----------------------------------------------------------------------------------
01   8.1   9.1   13:48   6.6   07:04  10.2   0.0   0.0   5.0  27.0   17:27     S
02   9.7  11.1   13:44   8.3   00:00   8.6   0.0   5.6   8.4  31.0   15:55   SSE
03   6.0   9.4   00:36   2.1   20:34  12.3   0.0  18.6   4.5  26.0   01:28   SSW
04   3.8   8.0   13:58   1.4   07:13  14.5   0.0   0.0   3.2  19.0   14:39   SSW
05   3.0   7.8   14:39  -0.2   09:04  15.3   0.0   0.2   1.4  12.0   15:22    SW
06   4.0   7.3   21:01  -1.2   04:31  14.3   0.0   2.8   4.6  32.0   12:27   SSE
07   4.8   6.6   00:00   3.7   13:51  13.5   0.0   4.8   2.2  12.0   04:56     W
08   4.3   7.9   13:11   0.0   08:15  14.0   0.0   0.0   2.3  16.0   21:42   SSE
09   3.4   5.2   00:03   2.4   07:10  14.9   0.0   0.0   4.0  17.0   10:40    SE
10   2.9   3.9   14:54   1.7   23:59  15.4   0.0   0.0   3.4  16.0   10:39     E
11   3.8   5.3   14:06   1.6   00:11  14.5   0.0   0.2   5.1  25.0   18:23   NNE
12   4.1   5.2   23:58   3.5   04:04  14.2   0.0   0.0   7.3  28.0   20:24   ENE
13   6.1   8.9   13:39   4.9   21:47  12.2   0.0   0.0   6.4  25.0   10:28     E
14   6.0   7.6   13:16   4.6   07:26  12.2   0.0   0.2   4.3  18.0   00:40    SE
15   8.4  10.3   14:13   6.7   03:22   9.9   0.0   0.2   3.4  18.0   12:41     S
16   8.3  10.1   12:45   6.0   06:03  10.0   0.0   0.0   4.1  20.0   04:31    SW
17   8.7  10.7   13:18   6.6   08:26   9.6   0.0   1.0   4.5  24.0   18:37     S
18   9.5  11.8   14:01   7.8   20:52   8.8   0.0   0.2   4.1  25.0   01:00   SSW
19  10.2  12.4   18:56   7.2   03:00   8.1   0.0   0.0   3.2  17.0   18:28   WSW
20  11.2  14.3   13:36   8.2   23:59   7.1   0.0   0.0   4.8  25.0   10:55     W
21   9.3  12.6   14:23   5.6   07:30   9.0   0.0   0.8   5.3  29.0   21:46   WSW
22   7.5   9.1   11:54   5.8   23:34  10.8   0.0   5.0   3.4  18.0   04:36     W
23   5.5   8.9   03:40   2.7   21:34  12.8   0.0   7.8   6.2  33.0   09:21     W
24   5.2   8.4   23:58   1.7   06:50  13.1   0.0   0.6   4.5  28.0   23:47    SW
25   8.6  12.5   12:36   5.3   20:51   9.7   0.0   1.4   4.9  26.0   04:37   SSW
26   6.2   9.1   12:37   3.3   21:21  12.1   0.0   9.2   5.5  30.0   14:01   SSW
27   3.3   8.7   15:14   0.3   06:27  15.0   0.0   0.2   2.3  16.0   00:57    SW
28   3.3   9.3   13:08   0.5   02:00  15.0   0.0   5.4   2.8  17.0   13:22     W
----------------------------------------------------------------------------------
     6.3  14.3    20    -1.2     6   337.1   0.0  64.2   4.3  33.0    23       S

Max >=  27.0  0
Max <=   0.0  0
Min <=   0.0  3
Min <= -18.0  0
Max Rain: 18.6 on day 3
Days of Rain: 18 (>= 0.2 mm)  8 (>= 2.0 mm)  0 (>= 20.0 mm)
Heat Base: 18.3  Cool Base: 18.3  Method: Integration