NOAA-Style Climate Reports

Select a Year or Month report
2018: Jan Feb Mar Apr May Jun Jul Aug Sep Oct Nov Dec
2017: Jan Feb Mar Apr May Jun Jul Aug Sep Oct Nov Dec
2016: Jan Feb Mar Apr May Jun Jul Aug Sep Oct Nov Dec

Report for 2017 July
                   Monthly Climatological Summary for Jul 2017

Name: Conlig Weather Station   City: Newtownards   State: Co. Down
Elevation: 46 m  Lat: N 54 38 02   Lon: W 005 40 18

                  Temperature (°C), Rain (mm), Wind Speed (mph)

                                      Heat  Cool        Avg
    Mean                              Deg   Deg         Wind                 Dom
Day Temp  High   Time   Low    Time   Days  Days  Rain  Speed High   Time    Dir
----------------------------------------------------------------------------------
01  13.7  18.4   17:24   8.1   05:19   4.6   0.0   0.0   3.9  20.0   18:11   WSW
02  14.9  19.1   17:26  10.8   04:26   3.5   0.1   0.0   3.7  16.0   17:28   WSW
03  14.3  17.4   14:04  12.1   23:23   4.0   0.0   1.2   2.7  14.0   08:04   WNW
04  13.1  17.3   13:33  11.8   04:59   5.2   0.0  19.6   2.6  14.0   07:05    NE
05  14.7  18.3   14:13  11.8   01:54   3.6   0.0   0.0   2.1  10.0   11:47     E
06  16.6  20.5   15:18  13.4   03:38   2.2   0.4   0.4   1.9  11.0   09:26     S
07  15.2  17.6   09:50  12.2   23:54   3.1   0.0   0.0   2.4  14.0   17:32     W
08  15.6  21.8   18:07  10.6   05:57   3.2   0.6   0.0   2.5  16.0   18:23   SSW
09  14.7  17.3   17:10  12.3   23:53   3.6   0.0   1.4   2.5  12.0   12:39    SW
10  13.3  16.1   14:05  11.3   04:03   5.0   0.0   0.4   1.7  12.0   14:05   NNW
11  13.7  16.7   16:31  10.9   04:28   4.6   0.0   0.2   2.0  15.0   18:52   NNE
12  15.5  20.3   15:58  10.6   05:00   3.0   0.2   0.0   2.3  14.0   17:25   SSE
13  15.5  19.8   15:36  12.7   04:20   2.9   0.1   2.6   3.3  17.0   19:04    SW
14  14.5  19.5   14:56  12.3   05:14   3.8   0.1   5.4   3.1  14.0   01:50   WSW
15  17.5  23.2   16:59  13.7   00:11   1.7   0.9   1.2   4.2  21.0   15:04    SW
16  15.9  20.7   16:57  12.4   05:25   2.6   0.2   0.0   2.6  17.0   12:21     W
17  17.2  23.8   15:11  11.1   05:58   2.5   1.3   0.0   1.8  11.0   00:44     W
18  17.6  23.3   17:46  11.1   03:58   2.1   1.3   0.0   2.4  15.0   15:47   ESE
19  15.8  17.3   15:03  12.4   23:54   2.5   0.0   5.2   3.4  16.0   21:34    SE
20  13.1  17.7   13:54   9.6   23:54   5.2   0.0   1.4   2.9  17.0   17:05    SW
21  13.1  16.4   11:52   9.1   01:18   5.2   0.0   5.4   3.6  23.0   12:05    SE
22  14.4  17.2   16:26  11.7   06:05   3.9   0.0   1.8   1.1   9.0   11:14    NE
23  16.3  19.8   16:31  12.6   00:00   2.3   0.2   0.8   2.5  12.0   16:09   NNW
24  18.0  23.5   17:13  13.4   05:07   1.7   1.4   0.0   3.4  16.0   15:40   WNW
25  15.3  19.0   16:51  12.7   05:47   3.0   0.0   0.0   2.1  12.0   19:12     S
26  15.6  19.8   18:15  11.2   23:58   2.8   0.1  17.8   4.4  24.0   13:46    SW
27  13.4  18.5   16:06   9.8   04:12   4.9   0.0   4.2   4.2  20.0   15:04   SSW
28  15.1  18.7   17:06  12.1   03:32   3.2   0.0   0.0   5.1  21.0   11:51   SSW
29  15.3  20.4   15:04  12.3   05:54   3.1   0.2   3.4   4.2  20.0   12:55   SSW
30  13.5  17.1   14:46  10.8   03:59   4.8   0.0   5.0   3.3  17.0   14:50   SSW
31  14.0  17.7   16:20  11.4   01:57   4.3   0.0  10.6   3.4  17.0   09:54   SSW
----------------------------------------------------------------------------------
    15.0  23.8    17     8.1     1   108.1   7.1  88.0   2.9  24.0    26      SW

Max >=  27.0  0
Max <=   0.0  0
Min <=   0.0  0
Min <= -18.0  0
Max Rain: 19.6 on day 4
Days of Rain: 19 (>= 0.2 mm)  10 (>= 2.0 mm)  0 (>= 20.0 mm)
Heat Base: 18.3  Cool Base: 18.3  Method: Integration