NOAA-Style Climate Reports

Select a Year or Month report
2018: Jan Feb Mar Apr May Jun Jul Aug Sep Oct Nov Dec
2017: Jan Feb Mar Apr May Jun Jul Aug Sep Oct Nov Dec
2016: Jan Feb Mar Apr May Jun Jul Aug Sep Oct Nov Dec

Report for 2017 November
                   Monthly Climatological Summary for Nov 2017

Name: Conlig Weather Station   City: Newtownards   State: Co. Down
Elevation: 46 m  Lat: N 54 38 02   Lon: W 005 40 19

                  Temperature (°C), Rain (mm), Wind Speed (mph)

                                      Heat  Cool        Avg
    Mean                              Deg   Deg         Wind                 Dom
Day Temp  High   Time   Low    Time   Days  Days  Rain  Speed High   Time    Dir
----------------------------------------------------------------------------------
01  11.5  13.0   12:44   9.9   06:51   6.8   0.0   0.0   3.1  18.0   06:50    SW
02   9.7  11.2   14:04   8.2   05:52   8.6   0.0   0.2   1.5  12.0   02:43     W
03   8.8  10.2   14:04   7.9   07:37   9.5   0.0   0.0   2.4  12.0   13:12   SSW
04   6.9   9.5   12:55   3.7   21:06  11.4   0.0   0.6   3.5  20.0   23:17   WSW
05   6.3   9.5   14:19   3.9   23:45  12.0   0.0   2.6   3.4  17.0   06:09     W
06   8.9  12.2   23:17   4.1   00:00   9.4   0.0   0.0   5.1  25.0   18:55     S
07   6.9  12.2   00:00   3.7   23:34  11.4   0.0   6.0   2.7  27.0   01:20   WSW
08   6.4  11.4   23:58   0.9   07:58  11.9   0.0   1.8   3.1  19.0   20:15   SSW
09  10.0  11.9   02:55   7.4   23:21   8.3   0.0   1.0   3.5  18.0   02:51   WSW
10   7.7   9.2   12:50   6.2   07:20  10.6   0.0   0.0   3.8  20.0   09:31     W
11   6.8   9.0   11:16   4.7   22:52  11.5   0.0   0.2   1.8  13.0   11:21     W
12   6.0   8.9   14:08   3.9   08:31  12.3   0.0   3.0   4.6  25.0   06:27    NW
13   6.2  10.1   23:40   3.5   04:19  12.1   0.0   0.2   3.6  20.0   19:51    SW
14  10.0  11.5   03:39   7.8   23:54   8.3   0.0   0.6   1.5  17.0   01:52   WSW
15   8.4  10.3   12:53   6.9   00:52   9.9   0.0   0.0   1.8  12.0   23:15   SSW
16   7.4  10.0   04:12   4.2   22:04  10.9   0.0   0.4   3.4  19.0   02:25   WSW
17   4.9   7.7   14:45   1.3   04:24  13.4   0.0   0.0   3.0  16.0   15:55    SW
18   6.4   8.4   12:15   4.2   23:05  11.9   0.0   0.0   2.7  14.0   01:25     W
19   6.3   8.9   23:57   3.9   03:13  12.0   0.0   3.0   2.4  15.0   23:51    SW
20  11.1  12.5   12:15   8.9   00:00   7.2   0.0   1.6   3.4  19.0   10:37    SW
21  11.8  13.1   16:52  10.4   21:58   6.5   0.0   4.6   3.6  20.0   21:01   SSW
22   7.2  10.8   01:07   3.1   23:04  11.1   0.0  13.6   2.6  19.0   01:20   WNW
23   3.6   6.8   13:21   1.9   02:14  14.7   0.0   0.6   4.0  27.0   13:44   WSW
24   2.3   5.1   13:43   0.7   03:16  16.0   0.0   0.0   2.6  16.0   12:55    SW
25   3.0   4.9   12:54   1.6   07:46  15.3   0.0   2.6   4.4  19.0   13:34     W
26   5.0   9.1   21:32   2.4   08:10  13.3   0.0   2.0   4.0  19.0   21:02   WSW
27   6.0   8.6   00:00   5.2   11:51  12.3   0.0   0.6   4.3  20.0   09:49     W
28   6.0   8.1   13:58   3.1   05:02  12.3   0.0   0.2   4.8  23.0   12:20    NW
29   5.2   6.6   00:00   3.1   21:33  13.1   0.0   1.2   4.1  21.0   02:51    NW
30   5.3   6.2   11:44   4.1   00:35  13.0   0.0   0.0   4.6  24.0   06:34   NNW
----------------------------------------------------------------------------------
     7.1  13.1    21     0.7    24   337.0   0.0  46.6   3.3  27.0     7     WSW

Max >=  27.0  0
Max <=   0.0  0
Min <=   0.0  0
Min <= -18.0  0
Max Rain: 13.6 on day 22
Days of Rain: 21 (>= 0.2 mm)  8 (>= 2.0 mm)  0 (>= 20.0 mm)
Heat Base: 18.3  Cool Base: 18.3  Method: Integration