NOAA-Style Climate Reports

Select a Year or Month report
2018: Jan Feb Mar Apr May Jun Jul Aug Sep Oct Nov Dec
2017: Jan Feb Mar Apr May Jun Jul Aug Sep Oct Nov Dec
2016: Jan Feb Mar Apr May Jun Jul Aug Sep Oct Nov Dec

Report for 2018 January
                   Monthly Climatological Summary for Jan 2018

Name: Conlig Weather Station   City: Newtownards   State: Co. Down
Elevation: 46 m  Lat: N 54 38 02   Lon: W 005 40 19

                  Temperature (°C), Rain (mm), Wind Speed (mph)

                                      Heat  Cool        Avg
    Mean                              Deg   Deg         Wind                 Dom
Day Temp  High   Time   Low    Time   Days  Days  Rain  Speed High   Time    Dir
----------------------------------------------------------------------------------
01   5.0   6.8   11:36   3.0   08:37  13.3   0.0   2.8   5.2  24.0   14:53   WSW
02   5.8   8.2   11:52   2.3   03:47  12.5   0.0   9.4   5.1  40.0   21:06    SW
03   6.6   7.7   17:48   5.4   00:48  11.7   0.0   8.8   6.7  29.0   06:16   WSW
04   4.8   6.9   00:00   3.2   12:29  13.5   0.0  10.0   3.6  17.0   12:18    SW
05   3.8   5.8   14:05   0.8   04:57  14.5   0.0   0.2   1.7  12.0   18:45     S
06   4.2   5.3   13:31   0.7   23:59  14.1   0.0   0.0   4.6  23.0   09:50    NE
07   0.6   5.9   13:53  -2.7   06:43  17.8   0.0   0.0   0.3   7.0   12:04    SE
08   2.3   4.6   12:32  -1.4   00:44  16.0   0.0   0.0   2.7  16.0   12:25    SE
09   5.1   7.3   23:04   4.1   00:00  13.2   0.0   3.2   4.9  22.0   00:10    SE
10   3.8   6.3   00:00   0.6   08:40  14.5   0.0   0.2   0.7   9.0   00:35    SW
11   5.0   5.7   04:07   4.2   08:53  13.3   0.0   0.0   0.9  10.0   23:15     W
12   6.4   7.4   19:53   5.3   04:15  11.9   0.0   0.0   5.0  21.0   10:59   SSE
13   7.0   7.8   22:45   6.3   09:24  11.3   0.0   4.0   4.9  20.0   06:09   SSE
14   6.4   8.8   23:52   3.3   08:19  11.9   0.0   5.0   5.2  31.0   19:44     S
15   5.9   9.1   01:25   2.2   23:42  12.4   0.0   2.4   4.1  21.0   15:04   WSW
16   0.9   2.5   00:10  -0.3   20:31  17.3   0.0   5.2   6.1  24.0   18:34    SW
17   2.4   3.4   14:31   0.8   01:26  15.9   0.0  11.4   4.8  21.0   00:19   WSW
18   2.5   4.1   14:08   0.8   23:53  15.8   0.0   1.4   4.0  23.0   15:57     W
19   1.8   3.5   14:57   0.8   06:53  16.5   0.0   1.0   5.6  26.0   15:35   WSW
20   2.4   5.2   14:39   1.0   01:04  15.9   0.0   0.0   1.5  12.0   00:00   WSW
21   4.7   8.6   16:53   0.9   01:02  13.6   0.0  10.0   3.3  21.0   19:08   SSW
----------------------------------------------------------------------------------
     4.2   9.1    15    -2.7     7   296.9   0.0  75.0   3.9  40.0     2     SSW

Max >=  27.0  0
Max <=   0.0  0
Min <=   0.0  3
Min <= -18.0  0
Max Rain: 11.4 on day 17
Days of Rain: 15 (>= 0.2 mm)  11 (>= 2.0 mm)  0 (>= 20.0 mm)
Heat Base: 18.3  Cool Base: 18.3  Method: Integration