NOAA-Style Climate Reports
Select a Year or Month report
2024: Jan Feb Mar Apr May Jun Jul Aug Sep Oct Nov Dec
2023: Jan Feb Mar Apr May Jun Jul Aug Sep Oct Nov Dec
2022: Jan Feb Mar Apr May Jun Jul Aug Sep Oct Nov Dec
2021: Jan Feb Mar Apr May Jun Jul Aug Sep Oct Nov Dec
2020: Jan Feb Mar Apr May Jun Jul Aug Sep Oct Nov Dec
2019: Jan Feb Mar Apr May Jun Jul Aug Sep Oct Nov Dec
2018: Jan Feb Mar Apr May Jun Jul Aug Sep Oct Nov Dec
2017: Jan Feb Mar Apr May Jun Jul Aug Sep Oct Nov Dec
2016: Jan Feb Mar Apr May Jun Jul Aug Sep Oct Nov Dec
2015: Jan Feb Mar Apr May Jun Jul Aug Sep Oct Nov Dec
2014: Jan Feb Mar Apr May Jun Jul Aug Sep Oct Nov Dec
2013: Jan Feb Mar Apr May Jun Jul Aug Sep Oct Nov Dec
2024: Jan Feb Mar Apr May Jun Jul Aug Sep Oct Nov Dec
2023: Jan Feb Mar Apr May Jun Jul Aug Sep Oct Nov Dec
2022: Jan Feb Mar Apr May Jun Jul Aug Sep Oct Nov Dec
2021: Jan Feb Mar Apr May Jun Jul Aug Sep Oct Nov Dec
2020: Jan Feb Mar Apr May Jun Jul Aug Sep Oct Nov Dec
2019: Jan Feb Mar Apr May Jun Jul Aug Sep Oct Nov Dec
2018: Jan Feb Mar Apr May Jun Jul Aug Sep Oct Nov Dec
2017: Jan Feb Mar Apr May Jun Jul Aug Sep Oct Nov Dec
2016: Jan Feb Mar Apr May Jun Jul Aug Sep Oct Nov Dec
2015: Jan Feb Mar Apr May Jun Jul Aug Sep Oct Nov Dec
2014: Jan Feb Mar Apr May Jun Jul Aug Sep Oct Nov Dec
2013: Jan Feb Mar Apr May Jun Jul Aug Sep Oct Nov Dec
Report for 2020 February
Monthly Climatological Summary for Feb 2020 Elevation: 45m Latitude: 54.634 Longitude: -5.672 Temperature in °C, Rain in mm, Wind Speed in mph and Pressure in hPa AVG AVG DOM DAY TEMP HIGH TIME LOW TIME RAIN WIND HIGH TIME DIR BAROM HUM ---------------------------------------------------------------------------------- 01 8.0 10.3 13:23 4.1 23:25 0.2 6.2 28.0 03:32 247 995.8 83 02 7.2 10.2 13:34 4.2 01:22 6.2 3.5 28.0 23:02 211 999.1 91 03 5.7 8.8 00:00 3.1 21:56 1.2 7.4 32.0 01:58 260 1007.2 82 04 6.0 9.3 14:48 2.6 02:22 1.2 4.2 28.0 08:44 290 1024.8 83 05 5.1 9.3 14:17 1.8 05:29 0.0 0.9 14.1 13:58 237 1034.8 86 06 4.7 7.4 13:09 0.6 08:10 0.0 0.8 14.0 20:19 183 1028.6 90 07 6.6 9.2 22:37 3.6 07:43 1.6 4.4 32.0 20:31 170 1009.4 90 08 6.8 9.2 13:46 3.5 08:32 3.6 8.1 36.0 16:20 198 998.0 85 09 8.2 11.3 10:35 4.1 23:46 12.8 7.1 31.0 11:20 237 974.7 88 10 2.7 4.6 11:47 0.9 20:45 18.6 7.7 30.0 01:36 241 987.0 89 11 2.1 3.6 14:57 0.5 09:37 9.4 8.2 35.0 05:15 246 998.5 89 12 3.0 5.8 15:17 0.7 07:56 1.2 4.3 24.0 06:35 228 1006.6 88 13 4.9 6.3 15:56 3.4 07:59 16.2 2.7 25.1 03:01 038 996.3 91 14 7.5 10.8 12:28 4.4 00:00 2.0 5.3 28.0 04:53 198 1005.3 85 15 7.4 9.7 12:28 3.8 01:11 10.8 6.8 38.0 08:08 193 986.5 91 16 5.6 8.8 00:47 4.1 07:29 0.8 9.4 38.0 10:17 219 978.6 81 17 5.2 7.5 12:02 2.7 23:44 2.4 6.8 30.0 00:51 238 998.4 85 18 4.1 7.0 12:55 1.9 23:09 1.0 4.7 26.0 14:31 239 1009.3 86 19 5.9 9.9 23:43 1.9 00:44 7.6 4.2 20.0 12:29 210 1008.1 93 20 5.4 10.1 00:43 2.9 13:47 6.0 4.5 27.1 14:28 249 1003.4 88 21 8.7 11.4 15:10 4.3 00:22 4.4 7.7 32.0 21:46 212 1005.9 90 22 5.4 11.0 00:01 3.2 12:01 6.8 6.8 35.0 11:39 250 1007.3 86 23 5.0 8.2 14:19 3.1 07:20 4.6 2.9 23.9 12:55 255 1013.4 80 24 4.5 7.7 11:04 1.4 05:13 16.0 4.8 30.0 15:16 237 1001.2 90 25 3.2 6.3 14:50 1.8 22:11 0.4 3.8 17.0 13:01 260 995.3 88 26 3.6 6.8 13:31 1.7 02:22 1.6 3.9 19.0 03:42 260 1001.5 85 27 3.6 6.8 12:59 0.8 05:44 0.2 3.0 16.1 04:58 260 1004.0 85 28 6.6 11.9 15:53 2.5 02:06 13.0 3.5 23.0 09:55 187 992.3 91 29 5.0 8.8 00:39 2.1 07:55 3.4 8.2 38.0 21:26 218 969.8 85 ---------------------------------------------------------------------------------- MONTH 5.4 20.1 28 0.5 11 153.2 5.2 38.0 15 SW 1001.4 87