NOAA-Style Climate Reports
Select a Year or Month report
2024: Jan Feb Mar Apr May Jun Jul Aug Sep Oct Nov Dec
2023: Jan Feb Mar Apr May Jun Jul Aug Sep Oct Nov Dec
2022: Jan Feb Mar Apr May Jun Jul Aug Sep Oct Nov Dec
2021: Jan Feb Mar Apr May Jun Jul Aug Sep Oct Nov Dec
2020: Jan Feb Mar Apr May Jun Jul Aug Sep Oct Nov Dec
2019: Jan Feb Mar Apr May Jun Jul Aug Sep Oct Nov Dec
2018: Jan Feb Mar Apr May Jun Jul Aug Sep Oct Nov Dec
2017: Jan Feb Mar Apr May Jun Jul Aug Sep Oct Nov Dec
2016: Jan Feb Mar Apr May Jun Jul Aug Sep Oct Nov Dec
2015: Jan Feb Mar Apr May Jun Jul Aug Sep Oct Nov Dec
2014: Jan Feb Mar Apr May Jun Jul Aug Sep Oct Nov Dec
2013: Jan Feb Mar Apr May Jun Jul Aug Sep Oct Nov Dec
2024: Jan Feb Mar Apr May Jun Jul Aug Sep Oct Nov Dec
2023: Jan Feb Mar Apr May Jun Jul Aug Sep Oct Nov Dec
2022: Jan Feb Mar Apr May Jun Jul Aug Sep Oct Nov Dec
2021: Jan Feb Mar Apr May Jun Jul Aug Sep Oct Nov Dec
2020: Jan Feb Mar Apr May Jun Jul Aug Sep Oct Nov Dec
2019: Jan Feb Mar Apr May Jun Jul Aug Sep Oct Nov Dec
2018: Jan Feb Mar Apr May Jun Jul Aug Sep Oct Nov Dec
2017: Jan Feb Mar Apr May Jun Jul Aug Sep Oct Nov Dec
2016: Jan Feb Mar Apr May Jun Jul Aug Sep Oct Nov Dec
2015: Jan Feb Mar Apr May Jun Jul Aug Sep Oct Nov Dec
2014: Jan Feb Mar Apr May Jun Jul Aug Sep Oct Nov Dec
2013: Jan Feb Mar Apr May Jun Jul Aug Sep Oct Nov Dec
Report for 2022 February
Monthly Climatological Summary for Feb 2022 Name: Conlig Weather Station. City: Newtownards. State: Co. Down. Elevation: 44 m Lat: N 54° 38' 02" Lon: W 005° 40' 18" Temperature (°C), Rain (mm), Wind Speed (mph) Heat Cool Avg Mean Deg Deg Wind Dom Day Temp High Time Low Time Days Days Rain Speed High Time Dir ---------------------------------------------------------------------------------- 01 10.5 12.4 12:01 8.4 21:46 7.8 0.0 1.4 5.1 27.0 00:51 W 02 9.9 10.5 12:25 9.0 21:57 8.4 0.0 0.2 3.8 18.0 01:05 WSW 03 8.9 11.4 17:37 4.7 23:59 9.4 0.0 1.0 3.9 21.0 17:52 SSW 04 3.4 6.3 14:29 1.6 05:01 14.9 0.0 2.0 4.6 25.0 11:22 WSW 05 6.4 9.8 13:53 2.4 00:48 11.9 0.0 3.4 6.8 32.0 12:04 SW 06 5.1 6.7 12:56 3.3 23:52 13.2 0.0 3.0 5.6 28.0 15:01 W 07 7.7 11.4 12:22 2.8 00:29 10.6 0.0 1.0 4.8 25.0 16:46 SSW 08 8.5 11.4 00:42 6.6 23:58 9.8 0.0 0.6 3.3 19.0 00:09 SW 09 5.4 7.9 13:03 2.7 23:54 12.9 0.0 0.0 4.4 20.0 11:36 SW 10 3.5 6.4 14:34 1.3 05:26 14.8 0.0 1.6 4.7 24.0 11:08 WSW 11 4.7 7.9 13:09 0.4 08:14 13.6 0.0 0.6 4.6 24.0 20:57 S 12 8.4 10.8 14:35 6.8 00:06 9.9 0.0 1.4 5.6 24.0 00:05 S 13 6.8 7.9 00:00 5.6 21:36 11.5 0.0 10.0 2.8 16.0 16:51 W 14 5.7 8.4 13:26 2.0 23:22 12.6 0.0 0.6 4.1 27.0 14:53 W 15 6.3 7.9 23:56 2.3 00:00 12.0 0.0 7.2 4.4 21.0 06:39 SSW 16 10.2 12.9 12:48 5.2 23:16 8.1 0.0 12.4 8.0 40.0 14:19 WSW 17 4.9 7.1 14:52 3.5 06:47 13.4 0.0 0.2 4.3 27.0 05:17 SW 18 3.6 5.6 15:47 1.5 23:13 14.8 0.0 15.4 5.8 30.0 12:50 WSW 19 3.6 9.4 23:58 1.0 06:02 14.7 0.0 11.4 3.7 25.0 23:47 SSW 20 7.5 11.3 08:59 1.7 18:45 10.8 0.0 13.4 7.9 30.0 03:24 SW 21 8.1 10.9 14:22 3.4 00:03 10.2 0.0 3.8 7.3 39.0 03:04 W 22 7.7 10.7 04:51 5.3 23:42 10.6 0.0 5.0 5.6 29.0 13:48 SW 23 6.5 11.0 11:59 2.2 23:51 11.8 0.0 1.2 6.8 31.0 12:07 SSW 24 2.5 4.6 12:28 0.4 07:43 15.8 0.0 1.6 5.8 25.0 14:08 SW 25 6.0 8.5 14:34 3.0 07:47 12.2 0.0 0.6 3.5 21.0 00:58 SSW 26 8.5 9.9 12:58 6.8 00:00 9.8 0.0 0.0 8.7 33.0 17:51 SSE 27 8.0 9.0 18:58 6.6 07:04 10.3 0.0 1.0 7.2 27.0 18:27 SSE 28 7.5 9.8 12:12 3.1 23:57 10.8 0.0 2.2 3.0 24.0 00:25 S ---------------------------------------------------------------------------------- 6.6 12.9 16 0.4 11 326.6 0.0 102.2 5.2 40.0 16 SW Max >= 27.0 0 Max <= 0.0 0 Min <= 0.0 0 Min <= -18.0 0 Max Rain: 15.4 on day 18 Days of Rain: 26 (>= 0.2 mm) 12 (>= 2.0 mm) 0 (>= 20.0 mm) Heat Base: 18.3 Cool Base: 18.3 Method: Integration