NOAA-Style Climate Reports
Select a Year or Month report
2024: Jan Feb Mar Apr May Jun Jul Aug Sep Oct Nov Dec
2023: Jan Feb Mar Apr May Jun Jul Aug Sep Oct Nov Dec
2022: Jan Feb Mar Apr May Jun Jul Aug Sep Oct Nov Dec
2021: Jan Feb Mar Apr May Jun Jul Aug Sep Oct Nov Dec
2020: Jan Feb Mar Apr May Jun Jul Aug Sep Oct Nov Dec
2019: Jan Feb Mar Apr May Jun Jul Aug Sep Oct Nov Dec
2018: Jan Feb Mar Apr May Jun Jul Aug Sep Oct Nov Dec
2017: Jan Feb Mar Apr May Jun Jul Aug Sep Oct Nov Dec
2016: Jan Feb Mar Apr May Jun Jul Aug Sep Oct Nov Dec
2015: Jan Feb Mar Apr May Jun Jul Aug Sep Oct Nov Dec
2014: Jan Feb Mar Apr May Jun Jul Aug Sep Oct Nov Dec
2013: Jan Feb Mar Apr May Jun Jul Aug Sep Oct Nov Dec
2024: Jan Feb Mar Apr May Jun Jul Aug Sep Oct Nov Dec
2023: Jan Feb Mar Apr May Jun Jul Aug Sep Oct Nov Dec
2022: Jan Feb Mar Apr May Jun Jul Aug Sep Oct Nov Dec
2021: Jan Feb Mar Apr May Jun Jul Aug Sep Oct Nov Dec
2020: Jan Feb Mar Apr May Jun Jul Aug Sep Oct Nov Dec
2019: Jan Feb Mar Apr May Jun Jul Aug Sep Oct Nov Dec
2018: Jan Feb Mar Apr May Jun Jul Aug Sep Oct Nov Dec
2017: Jan Feb Mar Apr May Jun Jul Aug Sep Oct Nov Dec
2016: Jan Feb Mar Apr May Jun Jul Aug Sep Oct Nov Dec
2015: Jan Feb Mar Apr May Jun Jul Aug Sep Oct Nov Dec
2014: Jan Feb Mar Apr May Jun Jul Aug Sep Oct Nov Dec
2013: Jan Feb Mar Apr May Jun Jul Aug Sep Oct Nov Dec
Report for 2022 April
Monthly Climatological Summary for Apr 2022 Name: Conlig Weather Station. City: Newtownards. State: Co. Down. Elevation: 44 m Lat: N 54° 38' 02" Lon: W 005° 40' 18" Temperature (°C), Rain (mm), Wind Speed (mph) Heat Cool Avg Mean Deg Deg Wind Dom Day Temp High Time Low Time Days Days Rain Speed High Time Dir ---------------------------------------------------------------------------------- 01 5.3 7.9 12:33 2.9 06:25 13.0 0.0 1.4 2.3 13.0 08:38 NW 02 6.0 9.2 15:21 3.1 23:44 12.3 0.0 2.6 1.7 11.0 03:04 NNW 03 7.3 12.8 15:16 2.4 04:38 11.0 0.0 0.0 3.4 23.0 21:52 WSW 04 11.2 13.7 14:45 9.8 03:35 7.1 0.0 1.2 5.6 23.0 14:38 W 05 10.5 11.9 15:43 9.3 23:52 7.8 0.0 1.0 5.5 25.0 12:12 WSW 06 8.4 12.9 15:01 5.4 23:56 9.9 0.0 5.4 5.7 30.0 21:53 SW 07 6.7 10.4 14:29 4.7 23:24 11.6 0.0 0.6 6.1 29.0 02:45 WNW 08 5.9 9.7 12:08 2.5 07:02 12.4 0.0 0.0 3.3 19.0 18:50 NW 09 5.4 9.5 17:14 2.3 23:59 12.9 0.0 0.4 2.2 14.0 01:57 W 10 5.5 9.0 10:53 0.2 03:22 12.8 0.0 0.0 2.4 15.0 11:02 SE 11 9.3 11.6 13:14 7.4 02:21 9.0 0.0 0.8 5.0 26.0 12:01 ESE 12 8.8 10.2 00:00 7.7 22:04 9.5 0.0 6.0 1.9 11.0 21:07 ENE 13 11.7 16.4 13:23 7.8 00:09 6.6 0.0 0.4 1.6 13.0 10:33 WSW 14 10.3 12.6 13:12 8.3 06:04 8.0 0.0 0.0 2.9 18.0 13:35 SSE 15 10.5 11.8 18:01 9.3 23:06 7.8 0.0 0.0 3.6 18.0 19:22 SSE 16 10.4 13.0 12:30 8.1 06:32 7.9 0.0 0.0 3.9 22.0 11:48 SSE 17 10.6 14.8 13:09 7.9 23:41 7.7 0.0 1.0 3.9 22.0 13:34 SSE 18 9.5 14.8 14:26 6.3 06:51 8.8 0.0 1.6 3.1 17.0 17:00 SSW 19 9.0 14.7 15:59 3.0 05:40 9.2 0.0 0.0 1.4 12.0 15:13 S 20 9.6 15.8 15:03 1.9 06:24 8.7 0.0 0.0 1.6 14.0 12:47 SE 21 11.7 16.9 16:12 7.6 06:06 6.6 0.0 0.0 3.9 22.0 09:59 E 22 10.9 16.8 15:57 6.8 05:57 7.4 0.0 0.0 2.9 16.0 15:20 NE 23 11.0 15.4 18:19 7.1 04:49 7.3 0.0 0.0 3.3 20.0 14:23 NNE 24 10.9 15.7 13:59 6.8 05:42 7.4 0.0 0.0 2.5 17.0 14:31 NE 25 9.6 13.0 14:57 7.8 05:00 8.7 0.0 0.0 1.8 12.0 16:19 NE 26 9.5 14.6 15:28 6.2 05:22 8.8 0.0 0.0 1.6 13.0 12:45 E 27 9.3 12.7 15:50 5.6 23:52 9.0 0.0 0.0 2.5 12.0 02:28 E 28 8.0 14.2 16:19 3.1 04:17 10.3 0.0 0.0 1.1 10.0 13:50 ESE 29 9.2 15.4 14:46 1.6 06:07 9.1 0.0 0.0 1.0 9.0 13:09 SE 30 9.2 11.6 16:19 5.8 03:02 9.1 0.0 7.4 2.6 17.0 18:51 S ---------------------------------------------------------------------------------- 9.0 16.9 21 0.2 10 277.7 0.0 29.8 3.0 30.0 6 S Max >= 27.0 0 Max <= 0.0 0 Min <= 0.0 0 Min <= -18.0 0 Max Rain: 7.4 on day 30 Days of Rain: 13 (>= 0.2 mm) 4 (>= 2.0 mm) 0 (>= 20.0 mm) Heat Base: 18.3 Cool Base: 18.3 Method: Integration