NOAA-Style Climate Reports
Select a Year or Month report
2024: Jan Feb Mar Apr May Jun Jul Aug Sep Oct Nov Dec
2023: Jan Feb Mar Apr May Jun Jul Aug Sep Oct Nov Dec
2022: Jan Feb Mar Apr May Jun Jul Aug Sep Oct Nov Dec
2021: Jan Feb Mar Apr May Jun Jul Aug Sep Oct Nov Dec
2020: Jan Feb Mar Apr May Jun Jul Aug Sep Oct Nov Dec
2019: Jan Feb Mar Apr May Jun Jul Aug Sep Oct Nov Dec
2018: Jan Feb Mar Apr May Jun Jul Aug Sep Oct Nov Dec
2017: Jan Feb Mar Apr May Jun Jul Aug Sep Oct Nov Dec
2016: Jan Feb Mar Apr May Jun Jul Aug Sep Oct Nov Dec
2015: Jan Feb Mar Apr May Jun Jul Aug Sep Oct Nov Dec
2014: Jan Feb Mar Apr May Jun Jul Aug Sep Oct Nov Dec
2013: Jan Feb Mar Apr May Jun Jul Aug Sep Oct Nov Dec
2024: Jan Feb Mar Apr May Jun Jul Aug Sep Oct Nov Dec
2023: Jan Feb Mar Apr May Jun Jul Aug Sep Oct Nov Dec
2022: Jan Feb Mar Apr May Jun Jul Aug Sep Oct Nov Dec
2021: Jan Feb Mar Apr May Jun Jul Aug Sep Oct Nov Dec
2020: Jan Feb Mar Apr May Jun Jul Aug Sep Oct Nov Dec
2019: Jan Feb Mar Apr May Jun Jul Aug Sep Oct Nov Dec
2018: Jan Feb Mar Apr May Jun Jul Aug Sep Oct Nov Dec
2017: Jan Feb Mar Apr May Jun Jul Aug Sep Oct Nov Dec
2016: Jan Feb Mar Apr May Jun Jul Aug Sep Oct Nov Dec
2015: Jan Feb Mar Apr May Jun Jul Aug Sep Oct Nov Dec
2014: Jan Feb Mar Apr May Jun Jul Aug Sep Oct Nov Dec
2013: Jan Feb Mar Apr May Jun Jul Aug Sep Oct Nov Dec
Report for 2022 November
Monthly Climatological Summary for Nov 2022 Name: Conlig Weather Station. City: Newtownards. State: Co. Down. Elevation: 49 m Lat: N 54° 38' 02" Lon: W 005° 40' 18" Temperature (°C), Rain (mm), Wind Speed (mph) Heat Cool Avg Mean Deg Deg Wind Dom Day Temp High Time Low Time Days Days Rain Speed High Time Dir ---------------------------------------------------------------------------------- 01 9.7 12.2 01:48 7.1 23:58 8.6 0.0 6.2 3.5 21.0 10:22 SSW 02 9.4 12.9 14:29 4.3 04:10 8.8 0.0 15.0 6.8 34.0 12:14 S 03 8.0 12.5 13:51 5.1 08:05 10.3 0.0 0.0 1.8 13.0 00:06 S 04 8.1 10.4 10:32 5.4 07:44 10.2 0.0 0.0 2.3 14.0 10:58 WSW 05 10.0 13.2 13:24 7.6 20:00 8.3 0.0 4.2 2.6 20.0 06:38 S 06 10.3 13.5 12:42 8.0 08:05 8.0 0.0 5.2 3.3 16.0 11:00 S 07 12.0 13.9 17:47 7.7 01:32 6.3 0.0 6.6 6.4 34.0 19:14 SSE 08 10.0 13.1 12:23 7.3 05:31 8.3 0.0 0.8 3.9 18.0 15:01 S 09 10.3 12.8 23:48 7.8 08:05 8.0 0.0 0.4 5.2 24.0 19:25 SSW 10 14.8 16.5 13:49 12.7 00:05 3.5 0.0 0.0 7.6 33.0 15:54 S 11 14.9 16.3 13:36 12.6 23:28 3.4 0.0 2.4 6.1 30.0 10:39 SSE 12 13.0 13.7 23:52 12.2 16:06 5.3 0.0 2.4 4.2 21.0 12:38 SSE 13 13.8 15.7 13:10 12.9 19:21 4.5 0.0 0.0 4.0 17.0 10:57 SE 14 11.6 13.3 00:00 9.8 18:35 6.7 0.0 13.8 3.1 24.0 22:26 SE 15 7.9 10.9 04:57 3.7 21:11 10.4 0.0 8.2 2.1 21.0 01:07 SSE 16 7.6 11.6 13:58 5.3 00:00 10.7 0.0 7.0 0.9 19.0 01:45 SSE 17 8.1 9.9 14:30 4.8 04:30 10.2 0.0 1.0 2.1 14.0 15:30 WNW 18 8.2 9.6 15:02 6.3 23:57 10.1 0.0 1.0 4.1 21.0 10:10 W 19 6.8 9.3 16:52 3.7 08:57 11.5 0.0 3.2 3.2 22.0 19:24 S 20 5.5 8.0 00:00 2.6 23:36 12.8 0.0 0.0 2.5 16.0 03:25 SW 21 7.5 9.7 06:06 2.6 00:00 10.7 0.0 14.8 5.1 20.0 09:21 E 22 7.8 9.7 11:14 6.2 08:22 10.5 0.0 1.4 1.6 16.0 02:07 ENE 23 7.7 9.8 12:59 5.6 01:11 10.6 0.0 6.0 4.8 23.0 06:41 S 24 8.1 11.1 12:54 5.3 05:08 10.2 0.0 5.4 4.7 27.0 10:18 S 25 8.0 11.1 13:59 5.2 03:40 10.3 0.0 0.0 4.4 27.0 12:43 SSW 26 11.7 13.1 20:50 8.8 01:07 6.6 0.0 4.6 7.8 30.0 12:11 SSE 27 9.2 11.2 14:04 7.1 23:58 9.1 0.0 0.0 4.4 22.0 05:41 S 28 5.6 9.5 13:47 2.7 08:47 12.7 0.0 0.0 0.8 9.0 00:30 WSW 29 5.0 8.0 13:43 1.1 03:48 13.3 0.0 0.0 0.3 7.0 14:19 S 30 9.1 10.3 11:41 4.6 00:51 9.2 0.0 2.2 2.4 13.0 06:11 SE ---------------------------------------------------------------------------------- 9.3 16.5 10 1.1 29 269.1 0.0 111.8 3.8 34.0 2 S Max >= 27.0 0 Max <= 0.0 0 Min <= 0.0 0 Min <= -18.0 0 Max Rain: 15.0 on day 2 Days of Rain: 21 (>= 0.2 mm) 16 (>= 2.0 mm) 0 (>= 20.0 mm) Heat Base: 18.3 Cool Base: 18.3 Method: Integration