NOAA style reports

NOAA-style Climate Reports



Report for 2014 Dec
                   MONTHLY CLIMATOLOGICAL SUMMARY for Dec 2014


NAME: Conlig WX, Co. Down                  
ELEV: 170 feet    LAT: 54-38.04 N    LONG: 005-40.26 W


                   TEMPERATURE (°), RAIN (in), WIND SPEED (mph)

                                         HEAT   COOL         AVG
      MEAN                               DEG    DEG          WIND                   DOM
DAY   TEMP   HIGH   TIME    LOW   TIME   DAYS   DAYS   RAIN  SPEED   HIGH   TIME    DIR
---------------------------------------------------------------------------------------
 01   44.3   46.5  16:10   40.9  08:50   20.7    0.0   0.10    2.1   14.0  23:30    260
 02   41.1   45.1  13:10   37.8  07:30   23.9    0.0   0.00    2.3   16.0  01:50    271
 03   43.9   46.0  14:00   41.3  00:05   21.1    0.0   0.00    1.4   12.0  04:55    269
 04   42.8   46.1  14:00   40.0  16:50   22.2    0.0   0.00    0.6    8.0  23:40    245
 05   39.7   43.1  00:45   37.6  22:05   25.3    0.0   0.02    3.2   20.0  13:55    272
 06   44.4   50.0  20:30   37.9  04:00   20.6    0.0   0.08    3.8   19.0  20:10    238
 07   39.5   48.7  00:05   35.5  19:20   25.5    0.0   0.20    5.7   25.0  14:35    270
 08   36.8   39.9  14:15   34.5  05:50   28.2    0.0   0.15    3.8   24.0  07:05    271
 09   44.3   52.8  15:25   37.1  00:40   20.7    0.0   0.15    6.2   24.0  15:00    238
 10   37.4   40.0  00:05   34.2  23:25   27.6    0.0   0.57    7.0   26.0  00:40    259
 11   36.5   38.9  12:55   33.2  23:20   28.5    0.0   0.16    4.9   24.0  15:00    256
 12   36.1   41.8  18:50   31.6  06:15   28.9    0.0   0.01    2.5   18.0  11:30    269
 13   36.7   41.8  23:25   30.7  07:50   28.3    0.0   0.00    3.6   21.0  23:40    244
 14   43.3   46.9  11:10   39.6  23:24   21.7    0.0   0.03    4.2   25.0  11:25    239
 15   38.9   41.8  15:01   37.1  09:35   26.1    0.0   0.00    2.4   16.0  00:05    248
 16   41.4   51.0  23:37   38.1  07:41   23.6    0.0   0.46    2.9   23.0  23:40    238
 17   51.4   52.3  12:17   50.7  00:06   13.6    0.0   0.00    3.6   21.0  00:24    259
 18   50.1   54.7  11:41   42.7  23:57   14.9    0.0   0.04    5.2   26.0  19:52    256
 19   41.8   43.6  13:24   40.1  07:57   23.2    0.0   0.00    5.9   30.0  03:27    276
 20   44.0   46.5  12:59   42.4  05:38   21.0    0.0   0.00    3.8   20.0  00:00    262
 21   50.2   54.3  18:03   43.4  00:00   14.8    0.0   0.09    6.6   30.0  10:51    239
 22   51.0   52.6  00:04   48.2  21:33   14.0    0.0   0.59    4.3   26.0  06:22    257
 23   46.1   51.5  04:10   39.9  23:24   18.9    0.0   0.95    1.1   21.0  03:57    252
 24   40.4   43.0  13:39   37.6  07:24   24.6    0.0   0.00    4.8   24.0  14:42    274
 25   39.8   42.6  13:57   37.1  22:55   25.2    0.0   0.00    2.5   17.0  05:24    269
 26   38.4   39.6  16:53   36.7  23:45   26.6    0.0   0.35    1.4   10.0  17:33    253
 27   37.0   40.0  19:12   34.3  16:03   28.0    0.0   0.02    2.7   16.0  08:34    284
 28   37.1   41.9  14:28   33.1  05:10   27.9    0.0   0.00    0.9    9.0  00:18    269
 29   36.8   41.5  13:59   31.4  08:35   28.2    0.0   0.00    1.7   11.0  20:03    236
 30   40.3   44.2  13:46   37.6  20:18   24.7    0.0   0.00    2.4   17.0  06:32    224
 31   47.1   51.6  19:59   41.4  00:00   17.9    0.0   0.04    4.8   20.0  06:30    211
---------------------------------------------------------------------------------------
      41.9   54.7     18   30.7     13  716.4    0.0   3.99    3.5   30.0     19    255