NOAA style reports

NOAA-style Climate Reports



Report for 2018 Dec
                  Monthly Climatological Summary for Dec 2018

Elevation: 45m
Latitude:  54.634
Longitude: -5.672

Temperature in °C, Rain in mm, Wind Speed in mph and Pressure in hPa

      AVG                                      AVG                 DOM
DAY   TEMP   HIGH   TIME   LOW   TIME   RAIN   WIND   HIGH   TIME  DIR   BAROM HUM
----------------------------------------------------------------------------------
 01    6.9    8.6  14:33   3.9  01:50    5.4    1.1   14.1  00:11  158   994.5  93
 02    7.9   10.0  20:24   5.6  05:25    6.0    1.3   16.0  20:03  223   987.0  94
 03    5.7    8.2  00:00   4.1  07:31    0.0    2.5   13.0  12:38  266   998.6  87
 04    2.9    4.6  13:46   1.0  21:23    0.0    1.2   10.1  05:23  227  1016.9  88
 05    6.5    7.8  13:21   3.4  00:00    6.0    2.4   18.0  08:20  104  1008.0  93
 06    9.5   12.1  12:12   6.9  00:23    2.6    2.7   20.0  09:14  195  1003.1  92
 07    7.6   12.2  02:41   5.7  09:04    1.6    8.0   32.0  14:43  228   991.1  82
 08    7.8    9.0  13:38   6.7  12:08    3.2    5.8   26.0  17:33  248   992.2  85
 09    7.1    8.6  13:51   5.7  20:46    0.4    2.7   15.0  01:40  271  1008.7  87
 10    6.6    9.1  23:28   4.9  04:30    0.0    1.5   12.1  20:03  220  1023.5  88
 11    9.4   10.4  11:17   8.8  20:12    1.0    4.1   22.0  17:26  163  1017.0  91
 12    8.6    9.2  12:51   7.1  23:35    4.4    4.9   23.0  21:42  150  1012.4  90
 13    5.9    7.1  00:00   5.5  13:12    0.0    6.4   24.0  00:49  145  1012.2  78
 14    5.5    6.3  11:20   4.8  05:27    1.2    5.4   23.0  13:25  153  1015.0  80
 15    5.4    6.9  17:26   4.3  06:56   14.0    7.3   36.0  23:05  143   995.2  92
 16    5.4    8.3  13:20   3.3  09:31    0.2    3.1   22.0  01:35  215   997.5  87
 17    6.9   11.6  22:52   1.8  04:44    0.4    5.8   36.0  21:19  182  1004.5  90
 18    8.6   11.4  00:00   4.4  23:11    3.0    6.0   41.0  07:33  179   992.4  90
 19    5.3    8.2  13:27   2.8  04:46    0.0    2.0   15.0  11:29  185   993.0  88
 20    6.5    7.9  14:01   5.6  00:21    0.2    3.5   17.0  12:18  210   995.0  88
 21    6.2    7.2  11:46   5.3  04:59    0.2    1.8   13.0  21:21  220   995.1  91
 22    7.0    8.6  12:01   6.2  08:16    0.2    4.2   16.1  09:00  232  1009.4  89
 23    6.5    7.8  13:18   4.6  23:58    0.4    0.8    9.0  20:49  260  1017.4  90
 24    5.4    8.7  23:51   1.2  04:29    0.0    1.0   12.1  23:53  125  1029.7  90
 25    9.2   10.3  12:31   8.6  00:00    0.0    2.0   12.1  00:30  180  1028.3  94
 26    8.9   10.4  12:22   7.6  09:51    0.0    1.4   12.1  05:35  203  1024.9  92
 27    9.4   10.9  13:58   8.6  01:21    0.0    2.0   13.0  14:27  216  1023.9  89
 28    9.2   11.1  10:58   7.5  16:04    0.0    2.6   17.0  23:42  209  1025.9  89
 29   10.0   12.4  02:52   7.2  19:10    1.2    4.9   30.0  05:18  237  1027.4  84
 30   11.0   11.9  05:15   9.7  00:00    0.2    3.9   18.0  13:14  237  1031.1  86
 31    9.9   10.7  13:51   9.4  03:30    0.0    3.9   18.0  23:17  221  1031.6  83
----------------------------------------------------------------------------------
MONTH  7.4   12.4  29      1.0  04      51.8    3.4   41.0  18     SSW  1009.8  88