NOAA style reports

NOAA-style Climate Reports


Select a Year or Month report

Report for 2019 Oct
                  Monthly Climatological Summary for Oct 2019

Elevation: 45m
Latitude:  54.634
Longitude: -5.672

Temperature in °C, Rain in mm, Wind Speed in mph and Pressure in hPa

      AVG                                      AVG                 DOM
DAY   TEMP   HIGH   TIME   LOW   TIME   RAIN   WIND   HIGH   TIME  DIR   BAROM HUM
----------------------------------------------------------------------------------
 01   10.0   11.4  15:40   8.6  22:05    8.2    4.5   21.0  09:25  029  1005.3  84
 02    9.7   13.1  15:29   7.4  04:38    0.0    2.1   14.1  13:34  294  1020.1  77
 03    9.7   12.8  22:44   4.8  02:52    3.4    3.2   22.0  13:28  178  1009.8  89
 04   12.6   14.7  14:10  11.3  05:09    6.2    3.2   17.0  12:10  114  1003.1  91
 05   12.9   13.9  17:28  11.8  05:08   31.6    3.2   17.0  12:38  150  1010.1  95
 06   12.4   15.5  15:59  10.1  21:36    4.8    3.7   18.0  10:38  295  1010.8  90
 07   13.0   16.6  14:35  10.8  04:18    4.6    6.2   31.1  06:18  199  1005.6  88
 08   11.3   14.2  13:55   9.3  07:48    3.4    5.5   25.1  13:23  213   997.9  86
 09   10.4   13.1  16:11   8.3  07:19    0.0    5.6   23.0  23:58  234   998.4  84
 10   11.1   15.2  16:20   8.3  08:28    0.8    5.5   22.0  00:11  216  1000.7  88
 11   11.3   14.2  14:08   8.5  07:53    0.0    5.0   26.0  16:52  220   997.6  82
 12    9.5   13.4  12:49   6.2  07:47    0.4    2.0   11.0  11:06  217  1002.9  89
 13    8.3   10.2  17:37   6.3  05:06    8.4    0.5   10.1  22:09  242  1002.0  95
 14    9.8   13.6  15:01   5.3  06:17    0.6    1.0   12.1  13:43  167  1005.9  93
 15   10.7   13.1  11:54   6.7  03:38    0.8    1.8   15.0  22:41  151  1000.8  93
 16   10.9   14.2  15:36   6.7  23:59    7.6    3.0   18.0  01:39  219   998.1  86
 17    9.7   14.2  14:15   5.7  00:37    1.0    2.3   18.0  11:30  181   996.9  90
 18    7.9   12.8  12:24   3.1  07:34   11.6    0.6   10.1  13:23  107   993.6  93
 19   10.1   12.8  14:48   8.2  20:30    8.6    2.5   18.0  08:02  335  1001.5  88
 20   10.3   11.8  14:10   9.0  08:34    0.0    2.6   16.1  11:04  006  1016.8  75
 21    8.0   11.8  15:49   4.5  05:33    0.0    0.7    8.1  13:03  315  1023.9  82
 22    8.8   11.3  15:16   6.6  01:33    0.0    3.3   16.1  12:48  196  1018.7  86
 23   11.2   13.7  14:28   9.3  00:42    2.8    5.1   23.0  15:08  185  1007.4  88
 24    9.2   13.1  13:52   4.7  23:59    0.4    3.0   15.0  11:41  246  1002.0  88
 25    4.7    6.8  12:58   1.2  05:23    3.2    0.6    8.1  23:58  253  1007.4  91
 26    5.6    8.9  15:13   3.5  09:23    0.4    2.8   20.0  16:10  259  1008.5  86
 27    6.9   11.4  13:57   3.6  07:38    0.0    2.8   17.0  11:37  273  1023.4  84
 28    5.8    7.1  04:36   4.8  01:48    0.0    0.7   11.0  04:26  321  1028.1  86
 29    9.0   10.0  14:50   8.3  17:21    0.0    4.4   17.0  19:49  097  1029.7  79
 30    8.9   11.0  13:10   7.3  05:14    0.0    4.7   19.0  12:57  114  1025.9  82
 31    9.3   11.2  23:55   8.1  01:22    3.4    3.6   18.0  09:43  138  1016.3  87
----------------------------------------------------------------------------------
MONTH  9.6   16.6  07      1.2  25      112.2    3.1   49.0  07     SSW  1008.7  87