NOAA style reports

NOAA-style Climate Reports



Report for 2019 Nov
                  Monthly Climatological Summary for Nov 2019

Elevation: 45m
Latitude:  54.634
Longitude: -5.672

Temperature in °C, Rain in mm, Wind Speed in mph and Pressure in hPa

      AVG                                      AVG                 DOM
DAY   TEMP   HIGH   TIME   LOW   TIME   RAIN   WIND   HIGH   TIME  DIR   BAROM HUM
----------------------------------------------------------------------------------
 01   12.2   13.6  14:08  11.1  07:31   20.2    2.3   17.0  07:01  157   989.6  98
 02    9.1   11.8  00:00   5.4  21:39    1.0    1.2   15.0  00:45  191   974.3  91
 03    9.7   13.1  14:20   7.3  00:00    6.6    1.1   10.1  10:57  298   980.5  91
 04    9.8   11.4  14:01   8.2  02:41    6.0    4.3   28.0  19:43  047   987.1  91
 05    9.4   11.9  12:06   6.8  23:37    0.4    3.0   25.1  01:16  358  1006.4  84
 06    5.6    9.1  14:59   3.1  20:17    0.2    1.1   11.0  07:42  253  1000.8  90
 07    7.2    8.8  15:54   5.6  04:40    3.0    4.6   21.0  23:47  057   998.1  87
 08    5.2    8.2  11:30   0.7  20:32    0.0    2.3   21.0  01:30  005  1012.6  75
 09    4.7    6.7  03:52   1.0  00:00   27.2    3.9   19.0  10:36  112  1005.9  89
 10    5.1    7.9  10:44   0.5  08:08    6.2    2.5   28.0  22:04  126  1011.9  82
 11    5.8    7.4  13:48   4.6  23:14    3.0    5.9   30.0  08:21  273   997.7  86
 12    6.6    9.3  13:11   4.6  23:58   12.2    5.6   25.1  02:18  289   998.4  88
 13    5.1    7.6  13:14   2.4  04:31    2.8    2.8   19.9  20:19  176   996.1  90
 14    6.0    7.3  11:42   4.9  01:47    0.0    4.3   21.0  04:56  017  1008.1  77
 15    7.4    8.4  11:51   6.1  00:23    0.0    3.8   19.9  00:38  009  1015.5  78
 16    6.9    8.2  10:02   5.2  22:56    0.0    1.5   12.1  02:22  349  1010.4  86
 17    5.8    7.7  14:53   3.3  07:29    1.6    1.4   14.1  16:24  313  1016.1  87
 18    3.8    8.6  13:41   0.8  07:54    0.0    0.3    7.0  00:41  235  1018.5  84
 19    7.7    9.4  16:40   3.3  00:00    9.6    2.4   23.9  14:14  165  1009.7  93
 20    8.4   10.0  08:03   6.1  23:19   15.6    4.8   23.9  11:07  149  1005.1  91
 21    6.3    6.9  23:02   5.9  00:46    0.0    5.8   21.0  06:58  123  1002.4  84
 22    7.4    8.6  18:51   6.1  05:46   11.0    4.9   19.0  00:14  105   994.9  89
 23    8.9    9.6  15:17   7.9  00:01    3.0    3.0   18.0  00:15  064   999.5  91
 24    8.7    9.8  13:30   7.3  07:57    1.8    0.2    8.1  23:55  202  1001.0  96
 25   10.1   10.7  21:13   9.3  03:29    4.6    1.8   11.0  02:30  130   997.8  97
 26    9.6   10.6  15:27   8.6  12:37   13.4    2.7   21.0  14:06  134   987.5  96
 27    8.7   10.3  10:43   6.0  22:25    0.0    1.7   12.1  13:28  023   987.1  94
 28    7.1    9.2  10:47   3.4  23:51    3.8    2.3   19.0  11:01  025  1000.7  85
 29    4.1    7.7  13:53   0.6  04:25    0.0    0.6    8.1  23:15  201  1017.8  85
 30                  :            :                           :                   
----------------------------------------------------------------------------------
MONTH  7.3   13.6  01      0.5  10      153.2    2.8   30.0  11       E  1001.1  88