NOAA style reports

NOAA-style Climate Reports


Select a Year or Month report

Report for 2019 Dec
                  Monthly Climatological Summary for Dec 2019

Elevation: 45m
Latitude:  54.634
Longitude: -5.672

Temperature in °C, Rain in mm, Wind Speed in mph and Pressure in hPa

      AVG                                      AVG                 DOM
DAY   TEMP   HIGH   TIME   LOW   TIME   RAIN   WIND   HIGH   TIME  DIR   BAROM HUM
----------------------------------------------------------------------------------
 01    5.0    7.3  13:00   3.4  08:19    1.2    1.5   16.1  14:09  301  1029.4  87
 02    6.0    7.8  13:45   5.0  00:00    0.0    2.4   11.0  19:52  244  1031.2  85
 03    6.0    8.3  13:29   4.4  08:15    0.0    2.2   16.1  14:05  199  1022.9  87
 04    7.4    9.6  13:20   4.9  23:42    0.2    3.4   21.9  09:38  205  1014.7  86
 05    8.6   12.3  17:29   4.8  04:01    1.8    6.5   31.1  17:31  211  1006.4  92
 06    9.7   11.6  00:00   8.1  22:53    1.4    3.2   20.0  07:13  249   999.5  91
 07    9.3   11.4  22:43   7.4  02:20    3.0    4.3   23.0  22:18  211  1001.9  92
 08    6.5   10.1  00:00   5.1  08:32    4.0    7.0   31.1  14:50  242   986.7  87
 09    6.3    8.3  13:50   3.9  19:32    0.2    3.7   28.0  03:14  267  1012.3  84
 10    7.7   12.2  13:18   4.5  23:47    6.8    7.4   30.0  10:26  211   997.3  91
 11    3.6    5.1  13:02   2.2  21:13    0.0    4.3   21.9  10:22  225   997.1  88
 12    4.9    7.3  12:49   2.5  00:27    5.4    1.6   17.0  00:38  216   981.0  95
 13    5.2    7.4  13:44   3.1  23:31    3.4    3.3   21.0  21:31  261   975.1  92
 14    3.2    4.8  12:47   1.3  23:55    0.4    6.8   33.1  13:43  238   979.7  84
 15    1.7    4.7  13:15  -0.3  22:07    0.6    1.7   16.1  04:38  218   985.8  89
 16    3.4    5.6  13:35   1.8  04:55    0.0    3.4   18.0  07:58  210   992.3  88
 17    2.9    4.2  13:30   0.8  23:55    0.0    2.3   15.0  02:18  238   997.9  93
 18    5.0   11.1  22:33  -1.3  02:52   17.4    4.6   33.1  22:27  159   996.8  94
 19    8.7    9.9  00:00   7.2  23:40   12.2    3.9   23.0  00:59  166   985.9  94
 20    5.8    7.9  12:05   3.8  22:00    0.0    2.8   15.0  18:17  242   976.8  95
 21    4.5    7.4  14:48   1.3  08:32    1.2    0.4   11.0  23:16  233   974.5  97
 22    5.3    6.7  13:36   3.2  05:35    0.6    2.1   15.0  21:09  234   982.9  93
 23    6.1    7.9  13:29   4.0  23:48    0.0    3.7   18.0  18:07  220  1001.0  89
 24    5.0    6.4  13:39   3.4  22:07    4.4    1.2   14.0  15:41  250  1005.9  94
 25    4.8    7.1  13:43   1.9  18:11    0.0    1.4   15.0  23:11  271  1021.5  92
 26    7.0    8.2  23:19   6.1  07:19   10.8    4.1   21.0  03:49  131  1013.7  94
 27    9.3   10.2  14:07   8.1  03:06    1.4    4.1   19.0  06:08  177  1022.7  98
 28    9.5   10.2  15:04   8.6  06:44    0.0    6.0   24.0  11:24  184  1026.2  93
 29    9.6   10.1  10:47   8.1  23:55    0.0    6.5   25.1  03:47  185  1023.3  92
 30    7.5    9.7  11:13   4.2  23:36    0.0    1.6   15.0  00:24  262  1025.4  92
 31    5.4    7.7  19:20   0.6  07:04    0.0    0.4   10.1  19:55  121  1032.1  93
----------------------------------------------------------------------------------
MONTH  6.2   13.3  05     -1.3  18      76.4    3.5   49.0  14      SW  1003.2  91