NOAA style reports

NOAA-style Climate Reports


Select a Year or Month report

Report for 2020 Jan
                  Monthly Climatological Summary for Jan 2020

Elevation: 45m
Latitude:  54.634
Longitude: -5.672

Temperature in °C, Rain in mm, Wind Speed in mph and Pressure in hPa

      AVG                                      AVG                 DOM
DAY   TEMP   HIGH   TIME   LOW   TIME   RAIN   WIND   HIGH   TIME  DIR   BAROM HUM
----------------------------------------------------------------------------------
 01    5.8    7.6  01:15   3.8  10:13    0.0    1.2   17.0  13:17  202  1024.5  91
 02    8.5   10.9  18:15   6.1  03:05    1.6    4.5   20.0  10:07  201  1007.8  92
 03    6.1    7.3  13:50   4.3  08:28    0.0    2.9   17.0  02:05  267  1022.1  85
 04    7.2    8.3  12:17   6.2  06:25    0.0    2.6   15.0  01:11  216  1030.1  92
 05    9.2   11.1  15:26   7.8  00:38    0.0    4.1   19.9  13:21  200  1024.1  91
 06    8.0    9.3  13:44   5.6  22:31    3.6    6.2   30.0  09:27  215  1010.5  87
 07   10.6   14.3  17:25   6.1  00:00    1.0    6.1   28.0  06:19  209  1006.9  88
 08    5.7    9.3  00:00   3.2  22:14    0.0    1.7   25.9  01:04  222  1016.2  84
 09    4.3    6.1  12:01   2.3  22:19    9.0    1.2   15.0  09:39  351  1007.5  91
 10    5.2   10.6  23:46   1.9  06:19    2.2    4.2   26.0  23:37  213  1017.3  90
 11    9.5   13.3  10:35   5.7  23:06    4.2    4.7   27.1  10:03  213  1008.0  92
 12    5.3    7.1  12:21   3.2  23:32    0.0    2.0   15.0  20:50  216  1011.7  90
 13    6.0    8.8  12:03   2.6  02:33    9.2    7.6   49.0  14:40  190   990.4  87
 14    3.7    4.9  12:43   2.9  02:18    0.6    3.8   21.0  01:25  200   983.9  88
 15    4.9    7.8  13:30   3.3  02:41    0.0    5.6   26.0  13:59  211   996.0  83
 16    7.6   10.2  15:12   4.2  00:00    7.0    5.9   35.0  08:33  187  1000.0  90
 17    3.7    6.3  13:06   1.9  04:33    0.0    2.7   17.0  13:17  241  1008.6  87
 18    3.4    5.7  14:28   1.4  08:25    0.0    1.2   11.0  10:49  273  1029.0  86
 19    4.1    6.5  13:58   1.2  04:53    0.0    1.5   15.0  13:26  233  1043.9  80
 20    4.9    8.3  13:59   1.4  06:17    0.0    1.2   12.1  12:51  207  1045.0  89
 21    8.2    9.4  15:12   7.0  05:51    0.0    0.7   12.1  02:43  248  1041.0  92
 22    8.9   12.3  15:18   7.4  05:52    0.2    0.2    6.9  02:25  267  1038.7  94
 23    7.0    9.0  14:19   3.7  07:45    0.0    1.2   11.0  14:44  255  1030.9  92
 24    7.3    8.7  13:34   6.2  02:40    0.0    2.7   14.0  20:16  234  1021.2  92
 25    7.0    8.5  13:51   5.3  05:34    0.0    5.0   24.0  23:05  200  1011.4  88
 26    6.0    8.3  07:23   1.4  19:32    2.8    4.1   28.0  04:09  212  1000.1  88
 27    3.5    5.9  14:09   1.7  08:46    0.0    4.3   20.0  05:27  209   990.5  85
 28    2.8    5.2  14:44   0.2  04:32    0.2    4.9   27.1  16:33  247   990.5  89
 29    6.0    9.3  15:22   1.8  04:07    0.0    5.6   23.0  15:45  235  1000.8  89
 30    8.7   12.1  13:20   5.9  06:05    0.6    5.2   30.0  14:14  224   996.3  85
 31                  :            :                           :                   
----------------------------------------------------------------------------------
MONTH  6.3   14.3  07      0.2  28      42.2    3.5   49.0  13      SW  1013.5  89