NOAA-Style Climate Reports
Select a Year or Month report
2024: Jan Feb Mar Apr May Jun Jul Aug Sep Oct Nov Dec
2023: Jan Feb Mar Apr May Jun Jul Aug Sep Oct Nov Dec
2022: Jan Feb Mar Apr May Jun Jul Aug Sep Oct Nov Dec
2021: Jan Feb Mar Apr May Jun Jul Aug Sep Oct Nov Dec
2020: Jan Feb Mar Apr May Jun Jul Aug Sep Oct Nov Dec
2019: Jan Feb Mar Apr May Jun Jul Aug Sep Oct Nov Dec
2018: Jan Feb Mar Apr May Jun Jul Aug Sep Oct Nov Dec
2017: Jan Feb Mar Apr May Jun Jul Aug Sep Oct Nov Dec
2016: Jan Feb Mar Apr May Jun Jul Aug Sep Oct Nov Dec
2015: Jan Feb Mar Apr May Jun Jul Aug Sep Oct Nov Dec
2014: Jan Feb Mar Apr May Jun Jul Aug Sep Oct Nov Dec
2013: Jan Feb Mar Apr May Jun Jul Aug Sep Oct Nov Dec
2024: Jan Feb Mar Apr May Jun Jul Aug Sep Oct Nov Dec
2023: Jan Feb Mar Apr May Jun Jul Aug Sep Oct Nov Dec
2022: Jan Feb Mar Apr May Jun Jul Aug Sep Oct Nov Dec
2021: Jan Feb Mar Apr May Jun Jul Aug Sep Oct Nov Dec
2020: Jan Feb Mar Apr May Jun Jul Aug Sep Oct Nov Dec
2019: Jan Feb Mar Apr May Jun Jul Aug Sep Oct Nov Dec
2018: Jan Feb Mar Apr May Jun Jul Aug Sep Oct Nov Dec
2017: Jan Feb Mar Apr May Jun Jul Aug Sep Oct Nov Dec
2016: Jan Feb Mar Apr May Jun Jul Aug Sep Oct Nov Dec
2015: Jan Feb Mar Apr May Jun Jul Aug Sep Oct Nov Dec
2014: Jan Feb Mar Apr May Jun Jul Aug Sep Oct Nov Dec
2013: Jan Feb Mar Apr May Jun Jul Aug Sep Oct Nov Dec
Report for 2021 February
Monthly Climatological Summary for Feb 2021 Name: Conlig Weather Station City: Newtownards State: Co. Down Elevation: 44 m Lat: N 54° 38' 02" Lon: W 005° 40' 18" Temperature (°C), Rain (mm), Wind Speed (mph) Heat Cool Avg Mean Deg Deg Wind Dom Day Temp High Time Low Time Days Days Rain Speed High Time Dir ---------------------------------------------------------------------------------- 01 4.0 5.2 12:22 2.9 02:40 14.2 0.0 0.4 3.4 20.0 23:13 ESE 02 3.5 4.4 23:31 2.1 08:44 14.8 0.0 22.8 7.0 27.0 03:42 E 03 4.9 5.9 16:24 3.9 08:37 13.2 0.0 49.4 3.1 21.0 00:00 E 04 7.0 7.9 14:01 4.5 00:21 11.1 0.0 12.6 1.6 18.0 00:43 SSE 05 6.1 7.4 00:00 4.6 23:59 12.2 0.0 14.6 1.9 16.0 13:23 E 06 5.1 6.7 13:41 3.7 23:53 13.2 0.0 0.0 5.0 21.0 20:06 ENE 07 2.3 3.8 00:09 1.4 23:27 16.0 0.0 0.0 8.2 24.0 02:13 E 08 1.3 3.1 13:56 0.1 23:35 17.0 0.0 0.0 6.6 21.0 02:47 E 09 0.9 3.2 13:27 -0.4 03:50 17.4 0.0 0.0 5.4 22.0 19:55 E 10 0.7 2.8 12:25 -0.7 08:07 17.6 0.0 0.0 3.3 15.0 12:23 E 11 1.6 2.9 13:28 0.8 00:00 16.7 0.0 0.0 6.0 24.0 09:47 SE 12 2.1 4.4 12:17 0.2 23:58 16.2 0.0 0.0 7.2 28.0 06:25 SE 13 1.2 4.5 23:58 -0.2 10:24 16.8 0.0 3.6 6.8 28.0 05:02 SE 14 6.9 9.5 15:47 4.4 00:00 11.4 0.0 5.4 5.9 33.0 13:44 SSE 15 7.8 11.2 15:11 4.7 03:25 10.5 0.0 3.0 3.4 23.0 23:13 S 16 8.6 11.4 14:37 5.5 20:46 9.7 0.0 2.0 4.5 23.0 06:40 SSW 17 7.5 9.6 13:09 5.2 08:38 10.8 0.0 4.6 5.7 26.0 03:11 S 18 6.0 8.9 02:18 3.2 06:23 12.3 0.0 5.4 5.6 35.0 03:00 SSW 19 8.4 9.8 13:38 5.1 00:00 9.9 0.0 10.2 7.2 36.0 06:42 S 20 8.6 10.3 15:47 6.0 23:42 9.7 0.0 7.8 4.6 35.0 14:56 S 21 7.7 11.0 14:10 5.3 23:29 10.6 0.0 0.0 3.4 21.0 16:16 S 22 6.8 11.3 13:26 1.7 07:52 11.4 0.0 0.0 3.0 27.0 23:56 S 23 9.4 10.7 20:43 7.8 04:01 8.9 0.0 12.4 9.2 42.0 08:51 S 24 9.1 11.2 12:24 7.3 23:58 9.2 0.0 0.2 4.5 20.0 00:21 S 25 6.6 10.2 14:22 3.4 23:14 11.7 0.0 0.0 2.3 18.0 02:54 WSW 26 6.8 11.8 12:21 3.1 04:20 11.5 0.0 0.0 1.4 17.0 15:36 S 27 7.9 10.7 13:17 5.4 03:15 10.4 0.0 0.0 1.0 12.0 01:01 SSW 28 7.3 12.0 12:48 2.1 23:58 11.0 0.0 0.0 0.6 11.0 14:14 SSE ---------------------------------------------------------------------------------- 5.6 12.0 28 -0.7 10 355.4 0.0 154.4 4.6 42.0 23 SE Max >= 27.0 0 Max <= 0.0 0 Min <= 0.0 3 Min <= -18.0 0 Max Rain: 49.4 on day 3 Days of Rain: 15 (>= 0.2 mm) 13 (>= 2.0 mm) 2 (>= 20.0 mm) Heat Base: 18.3 Cool Base: 18.3 Method: Integration