NOAA-Style Climate Reports
Select a Year or Month report
2024: Jan Feb Mar Apr May Jun Jul Aug Sep Oct Nov Dec
2023: Jan Feb Mar Apr May Jun Jul Aug Sep Oct Nov Dec
2022: Jan Feb Mar Apr May Jun Jul Aug Sep Oct Nov Dec
2021: Jan Feb Mar Apr May Jun Jul Aug Sep Oct Nov Dec
2020: Jan Feb Mar Apr May Jun Jul Aug Sep Oct Nov Dec
2019: Jan Feb Mar Apr May Jun Jul Aug Sep Oct Nov Dec
2018: Jan Feb Mar Apr May Jun Jul Aug Sep Oct Nov Dec
2017: Jan Feb Mar Apr May Jun Jul Aug Sep Oct Nov Dec
2016: Jan Feb Mar Apr May Jun Jul Aug Sep Oct Nov Dec
2015: Jan Feb Mar Apr May Jun Jul Aug Sep Oct Nov Dec
2014: Jan Feb Mar Apr May Jun Jul Aug Sep Oct Nov Dec
2013: Jan Feb Mar Apr May Jun Jul Aug Sep Oct Nov Dec
2024: Jan Feb Mar Apr May Jun Jul Aug Sep Oct Nov Dec
2023: Jan Feb Mar Apr May Jun Jul Aug Sep Oct Nov Dec
2022: Jan Feb Mar Apr May Jun Jul Aug Sep Oct Nov Dec
2021: Jan Feb Mar Apr May Jun Jul Aug Sep Oct Nov Dec
2020: Jan Feb Mar Apr May Jun Jul Aug Sep Oct Nov Dec
2019: Jan Feb Mar Apr May Jun Jul Aug Sep Oct Nov Dec
2018: Jan Feb Mar Apr May Jun Jul Aug Sep Oct Nov Dec
2017: Jan Feb Mar Apr May Jun Jul Aug Sep Oct Nov Dec
2016: Jan Feb Mar Apr May Jun Jul Aug Sep Oct Nov Dec
2015: Jan Feb Mar Apr May Jun Jul Aug Sep Oct Nov Dec
2014: Jan Feb Mar Apr May Jun Jul Aug Sep Oct Nov Dec
2013: Jan Feb Mar Apr May Jun Jul Aug Sep Oct Nov Dec
Report for 2023 December
Monthly Climatological Summary for Dec 2023 Name: Conlig Weather Station. City: Newtownards. State: Co. Down. Elevation: 49 m Lat: N 54° 38' 02" Lon: W 005° 40' 18" Temperature (°C), Rain (mm), Wind Speed (mph) Heat Cool Avg Mean Deg Deg Wind Dom Day Temp High Time Low Time Days Days Rain Speed High Time Dir ---------------------------------------------------------------------------------- 01 2.4 5.1 13:28 -1.0 04:47 15.9 0.0 0.0 0.7 7.0 22:40 SW 02 1.8 3.7 14:28 0.6 05:15 16.5 0.0 0.0 1.4 10.0 13:38 SW 03 2.8 4.7 13:29 -0.1 07:02 15.5 0.0 1.0 1.3 11.0 23:43 NE 04 5.3 7.0 17:49 3.1 00:00 13.0 0.0 1.2 4.3 28.0 22:19 NNE 05 4.9 7.2 12:32 1.9 23:05 13.4 0.0 10.2 2.6 23.0 02:14 NE 06 6.4 7.4 12:35 2.8 00:00 11.9 0.0 7.8 4.1 22.0 21:43 SE 07 8.5 10.3 16:13 6.3 23:59 9.8 0.0 17.2 4.9 26.0 14:38 SE 08 8.1 9.2 14:31 5.9 01:59 10.2 0.0 7.6 4.7 24.0 22:39 S 09 8.6 10.5 10:38 7.3 03:05 9.6 0.0 0.0 5.6 35.0 13:06 SW 10 7.5 9.7 13:46 0.0 00:00 10.8 0.0 18.0 2.8 17.0 00:00 S 11 7.5 8.9 21:41 6.2 04:19 10.8 0.0 5.6 1.9 21.0 22:46 E 12 8.2 9.1 09:39 7.2 06:57 10.1 0.0 23.8 2.0 20.0 00:18 NE 13 6.6 8.8 12:18 4.2 18:05 11.7 0.0 0.0 2.1 16.0 02:03 NW 14 8.0 9.6 13:20 5.9 00:28 10.3 0.0 0.4 2.8 16.0 02:30 SW 15 9.1 11.4 22:02 7.1 04:05 9.2 0.0 0.0 3.7 18.0 13:17 S 16 10.6 11.6 16:13 8.5 08:13 7.7 0.0 0.0 5.9 24.0 08:21 SSW 17 11.3 12.3 14:31 10.3 02:47 7.0 0.0 1.2 6.8 32.0 07:23 S 18 11.2 12.7 03:50 8.9 21:00 7.1 0.0 0.2 2.9 16.0 09:21 SW 19 7.1 9.1 00:00 5.3 08:29 11.2 0.0 0.0 3.8 22.0 23:14 WSW 20 10.1 11.8 23:48 7.8 00:01 8.2 0.0 0.0 5.7 27.0 15:28 W 21 10.5 12.8 03:21 8.7 17:32 7.8 0.0 2.6 7.1 32.0 04:42 W 22 10.1 10.8 23:58 9.0 00:36 8.2 0.0 3.2 6.1 30.0 06:21 W 23 11.1 12.8 23:57 9.7 04:42 7.2 0.0 1.4 7.1 26.0 01:06 SW 24 10.9 13.0 01:06 7.9 23:50 7.4 0.0 1.0 6.3 31.0 13:54 WSW 25 8.1 9.7 11:33 6.8 22:06 10.2 0.0 1.6 5.0 33.0 22:12 SW 26 5.1 7.7 23:47 2.7 18:59 13.2 0.0 0.0 2.2 22.0 00:03 SW 27 7.9 11.7 09:46 5.4 22:26 10.4 0.0 29.2 6.9 32.0 09:07 SSE 28 7.2 9.0 12:32 5.1 04:06 11.1 0.0 0.0 6.9 35.0 22:45 SSW 29 5.3 7.2 00:00 2.7 23:51 13.0 0.0 2.6 5.4 31.0 02:49 WSW 30 6.2 9.6 11:37 2.1 02:29 12.1 0.0 13.0 4.3 28.0 09:18 SE 31 7.0 8.8 00:29 5.4 09:51 11.2 0.0 0.4 3.5 21.0 22:19 SSW ---------------------------------------------------------------------------------- 7.6 13.0 24 -1.0 1 331.7 0.0 149.2 4.2 35.0 9 SSW Max >= 27.0 0 Max <= 0.0 0 Min <= 0.0 3 Min <= -18.0 0 Max Rain: 29.2 on day 27 Days of Rain: 21 (>= 0.2 mm) 12 (>= 2.0 mm) 2 (>= 20.0 mm) Heat Base: 18.3 Cool Base: 18.3 Method: Integration