NOAA-Style Climate Reports

Select a Year or Month report
2018: Jan Feb Mar Apr May Jun Jul Aug Sep Oct Nov Dec
2017: Jan Feb Mar Apr May Jun Jul Aug Sep Oct Nov Dec
2016: Jan Feb Mar Apr May Jun Jul Aug Sep Oct Nov Dec

Report for 2017 May
                   Monthly Climatological Summary for May 2017

Name: Conlig Weather Station   City: Newtownards   State: Co. Down
Elevation: 46 m  Lat: N 54 38 02   Lon: W 005 40 18

                  Temperature (°C), Rain (mm), Wind Speed (mph)

                                      Heat  Cool        Avg
    Mean                              Deg   Deg         Wind                 Dom
Day Temp  High   Time   Low    Time   Days  Days  Rain  Speed High   Time    Dir
----------------------------------------------------------------------------------
01  11.9  16.4   18:25   8.4   05:03   6.3   0.0   0.0   2.6  15.0   19:16    NE
02  11.8  15.1   17:19   8.4   05:08   6.5   0.0   0.0   2.6  16.0   10:33     E
03  11.3  16.2   18:59   7.4   06:10   7.0   0.0   0.0   3.0  16.0   16:47    NE
04  11.5  16.7   16:34   7.3   05:57   6.8   0.0   0.0   3.9  19.0   22:52   ENE
05  11.0  15.8   16:18   6.3   05:22   7.3   0.0   0.0   4.9  20.0   11:17     E
06  11.1  16.0   18:38   7.1   04:35   7.2   0.0   0.0   3.1  20.0   03:02   ENE
07  12.0  17.7   17:29   5.6   06:06   6.3   0.0   0.0   1.3  11.0   13:46    NE
08  10.9  15.3   18:46   7.1   05:26   7.4   0.0   0.0   1.7  11.0   14:15     E
09  10.3  15.7   14:59   4.9   05:00   8.0   0.0   0.0   1.9  12.0   17:42   SSE
10  11.0  15.1   09:48   6.4   04:43   7.3   0.0   0.0   2.0  11.0   10:45     E
11  12.2  17.4   17:18   5.2   05:46   6.1   0.0   0.0   1.8  13.0   13:22   ESE
12  12.3  16.9   16:30   9.8   06:41   6.0   0.0   3.4   2.6  14.0   13:40   ESE
13  12.0  14.8   16:27  10.4   23:55   6.3   0.0   1.0   4.1  23.0   22:01     S
14  12.1  16.2   16:22   7.8   05:44   6.2   0.0   0.4   4.5  22.0   15:55     S
15  12.5  16.4   17:03   9.4   06:22   5.8   0.0  10.0   6.7  26.0   10:15     S
16  14.5  18.7   14:23   9.8   23:53   3.8   0.0   1.6   5.1  22.0   02:33     S
17  12.2  17.7   13:54   6.9   02:30   6.1   0.0   2.2   2.6  16.0   14:33   SSW
18  10.4  14.2   12:25   6.9   05:29   7.9   0.0   5.4   2.1  11.0   08:50    SW
19  11.2  16.9   16:59   4.6   05:27   7.1   0.0   0.0   1.8  16.0   14:33     S
20  11.5  15.9   15:55   9.1   22:11   6.8   0.0   0.4   2.5  17.0   19:12    SW
21  12.0  16.0   16:00   8.3   02:08   6.3   0.0   1.6   5.2  26.0   17:44     S
22  13.7  18.6   16:44  10.3   04:18   4.6   0.0   0.0   3.7  21.0   10:51     S
23  15.5  21.2   14:44   8.8   05:17   3.2   0.4   0.0   2.7  16.0   15:02    SW
24  17.3  23.6   15:37  12.7   23:59   1.7   0.7   0.0   2.5  14.0   17:11   SSW
25  15.0  21.4   17:12  10.4   04:44   3.7   0.4   0.0   2.4  12.0   15:11   SSE
26  19.1  24.9   13:50  13.2   03:44   1.5   2.4   0.0   3.0  19.0   12:22     S
27  15.9  20.4   15:30  12.9   23:52   2.6   0.2   0.8   2.3  20.0   19:56   WNW
28  13.5  16.0   15:15  11.6   23:05   4.8   0.0   0.0   3.3  16.0   00:13    NW
29  12.3  14.0   18:57  11.4   05:36   6.0   0.0   8.4   1.9  13.0   12:36     E
30  14.0  17.9   16:01  10.0   23:58   4.3   0.0   0.8   3.0  16.0   16:04     W
31  12.6  17.2   14:40   5.9   05:00   5.7   0.0   0.0   3.0  21.0   11:57   SSE
----------------------------------------------------------------------------------
    12.7  24.9    26     4.6    19   176.6   4.1  36.0   3.0  26.0    15     SSE

Max >=  27.0  0
Max <=   0.0  0
Min <=   0.0  0
Min <= -18.0  0
Max Rain: 10.0 on day 15
Days of Rain: 12 (>= 0.2 mm)  5 (>= 2.0 mm)  0 (>= 20.0 mm)
Heat Base: 18.3  Cool Base: 18.3  Method: Integration