NOAA-Style Climate Reports
Select a Year or Month report
2024: Jan Feb Mar Apr May Jun Jul Aug Sep Oct Nov Dec
2023: Jan Feb Mar Apr May Jun Jul Aug Sep Oct Nov Dec
2022: Jan Feb Mar Apr May Jun Jul Aug Sep Oct Nov Dec
2021: Jan Feb Mar Apr May Jun Jul Aug Sep Oct Nov Dec
2020: Jan Feb Mar Apr May Jun Jul Aug Sep Oct Nov Dec
2019: Jan Feb Mar Apr May Jun Jul Aug Sep Oct Nov Dec
2018: Jan Feb Mar Apr May Jun Jul Aug Sep Oct Nov Dec
2017: Jan Feb Mar Apr May Jun Jul Aug Sep Oct Nov Dec
2016: Jan Feb Mar Apr May Jun Jul Aug Sep Oct Nov Dec
2015: Jan Feb Mar Apr May Jun Jul Aug Sep Oct Nov Dec
2014: Jan Feb Mar Apr May Jun Jul Aug Sep Oct Nov Dec
2013: Jan Feb Mar Apr May Jun Jul Aug Sep Oct Nov Dec
2024: Jan Feb Mar Apr May Jun Jul Aug Sep Oct Nov Dec
2023: Jan Feb Mar Apr May Jun Jul Aug Sep Oct Nov Dec
2022: Jan Feb Mar Apr May Jun Jul Aug Sep Oct Nov Dec
2021: Jan Feb Mar Apr May Jun Jul Aug Sep Oct Nov Dec
2020: Jan Feb Mar Apr May Jun Jul Aug Sep Oct Nov Dec
2019: Jan Feb Mar Apr May Jun Jul Aug Sep Oct Nov Dec
2018: Jan Feb Mar Apr May Jun Jul Aug Sep Oct Nov Dec
2017: Jan Feb Mar Apr May Jun Jul Aug Sep Oct Nov Dec
2016: Jan Feb Mar Apr May Jun Jul Aug Sep Oct Nov Dec
2015: Jan Feb Mar Apr May Jun Jul Aug Sep Oct Nov Dec
2014: Jan Feb Mar Apr May Jun Jul Aug Sep Oct Nov Dec
2013: Jan Feb Mar Apr May Jun Jul Aug Sep Oct Nov Dec
Report for 2023 February
Monthly Climatological Summary for Feb 2023 Name: Conlig Weather Station. City: Newtownards. State: Co. Down. Elevation: 49 m Lat: N 54° 38' 02" Lon: W 005° 40' 18" Temperature (°C), Rain (mm), Wind Speed (mph) Heat Cool Avg Mean Deg Deg Wind Dom Day Temp High Time Low Time Days Days Rain Speed High Time Dir ---------------------------------------------------------------------------------- 01 7.9 9.4 15:02 6.1 00:00 10.4 0.0 2.2 5.4 26.0 04:29 WSW 02 10.0 10.9 13:46 8.2 00:00 8.3 0.0 0.0 5.5 26.0 11:39 SW 03 10.5 11.7 13:27 9.4 23:55 7.8 0.0 0.0 3.0 17.0 00:17 SW 04 8.0 10.8 13:37 3.7 22:36 10.3 0.0 0.6 3.4 19.0 15:14 SW 05 4.3 9.1 13:40 0.7 06:56 14.0 0.0 0.0 2.3 23.0 11:55 S 06 6.6 8.6 13:54 4.4 00:02 11.7 0.0 0.0 3.2 15.0 14:17 SSE 07 7.4 9.3 13:13 5.1 08:14 10.8 0.0 0.0 2.3 12.0 02:38 SSW 08 6.7 9.7 14:16 3.2 23:49 11.5 0.0 0.6 4.1 23.0 10:59 S 09 5.4 7.9 16:07 2.4 03:14 12.9 0.0 0.0 3.7 19.0 14:21 SW 10 8.4 10.9 13:13 5.4 01:25 9.9 0.0 0.0 4.9 23.0 09:54 SW 11 8.9 11.1 14:21 7.4 07:58 9.4 0.0 0.0 2.1 11.0 03:10 SSW 12 8.1 10.1 13:25 7.1 07:25 10.2 0.0 0.0 2.4 16.0 14:36 SSE 13 7.7 8.6 13:22 7.1 05:54 10.6 0.0 0.0 4.9 21.0 11:17 SSE 14 8.6 10.3 15:57 6.4 02:51 9.7 0.0 0.0 5.8 22.0 22:07 SSE 15 8.4 10.2 13:46 6.3 09:03 9.9 0.0 1.6 5.1 24.0 04:17 S 16 9.1 12.3 22:48 6.9 08:19 9.2 0.0 1.8 3.3 24.0 22:41 SSW 17 10.4 12.5 01:27 8.2 19:46 7.9 0.0 3.0 5.1 38.0 01:40 SW 18 10.0 11.5 11:46 6.8 23:33 8.3 0.0 3.6 4.8 26.0 03:22 WSW 19 9.3 12.1 15:32 5.8 04:39 9.0 0.0 0.0 4.6 25.0 19:55 SW 20 11.6 14.3 13:31 10.3 23:53 6.7 0.0 0.0 5.8 25.0 00:39 SW 21 9.5 10.4 15:51 7.8 23:59 8.8 0.0 0.4 3.8 16.0 00:03 SSW 22 6.2 9.3 14:21 4.3 06:45 10.2 0.0 3.2 3.9 20.0 20:39 WNW 23 6.8 9.1 14:20 3.2 07:50 11.5 0.0 0.0 2.8 15.0 20:42 WNW 24 8.7 11.2 12:07 5.8 23:58 9.6 0.0 0.0 4.7 24.0 15:45 NW 25 5.1 7.8 13:06 2.2 04:12 13.2 0.0 0.0 2.0 12.0 15:00 ENE 26 6.0 9.1 13:30 2.9 01:23 12.3 0.0 0.0 2.1 13.0 10:58 ENE 27 5.2 7.0 14:47 2.4 03:24 13.1 0.0 0.0 1.3 13.0 12:22 ENE 28 6.1 8.1 13:37 4.8 06:17 11.9 0.0 0.0 2.1 15.0 10:18 NNE ---------------------------------------------------------------------------------- 7.9 14.3 20 0.7 5 289.1 0.0 17.0 3.7 38.0 17 SSW Max >= 27.0 0 Max <= 0.0 0 Min <= 0.0 0 Min <= -18.0 0 Max Rain: 3.6 on day 18 Days of Rain: 9 (>= 0.2 mm) 4 (>= 2.0 mm) 0 (>= 20.0 mm) Heat Base: 18.3 Cool Base: 18.3 Method: Integration